Last updated on 2025-11-22 09:49:59 CET.
| Flavor | Version | Tinstall | Tcheck | Ttotal | Status | Flags |
|---|---|---|---|---|---|---|
| r-devel-linux-x86_64-debian-clang | 1.1.3 | 2.08 | 23.23 | 25.31 | OK | |
| r-devel-linux-x86_64-debian-gcc | 1.1.3 | 1.64 | 19.27 | 20.91 | OK | |
| r-devel-linux-x86_64-fedora-clang | 1.1.3 | 36.98 | NOTE | |||
| r-devel-windows-x86_64 | 1.1.3 | 5.00 | 46.00 | 51.00 | OK | |
| r-patched-linux-x86_64 | 1.1.3 | 2.48 | 21.18 | 23.66 | OK | |
| r-release-linux-x86_64 | 1.1.3 | 1.73 | 21.44 | 23.17 | OK | |
| r-release-macos-arm64 | 1.1.3 | OK | ||||
| r-release-macos-x86_64 | 1.1.3 | 2.00 | 24.00 | 26.00 | OK | |
| r-release-windows-x86_64 | 1.1.3 | 3.00 | 46.00 | 49.00 | OK | |
| r-oldrel-macos-arm64 | 1.1.3 | OK | ||||
| r-oldrel-macos-x86_64 | 1.1.3 | 2.00 | 21.00 | 23.00 | OK | |
| r-oldrel-windows-x86_64 | 1.1.3 | 4.00 | 51.00 | 55.00 | OK |
Version: 1.1.3
Check: dependencies in R code
Result: NOTE
Namespace in Imports field not imported from: ‘utils’
All declared Imports should be used.
Flavor: r-devel-linux-x86_64-fedora-clang