Last updated on 2025-11-20 11:51:16 CET.
| Flavor | Version | Tinstall | Tcheck | Ttotal | Status | Flags |
|---|---|---|---|---|---|---|
| r-devel-linux-x86_64-debian-clang | 0.1.4 | 55.64 | 122.28 | 177.92 | OK | |
| r-devel-linux-x86_64-debian-gcc | 0.1.4 | 47.55 | 98.89 | 146.44 | OK | |
| r-devel-linux-x86_64-fedora-clang | 0.1.4 | 121.00 | 150.97 | 271.97 | OK | |
| r-devel-linux-x86_64-fedora-gcc | 0.1.4 | 129.00 | 129.27 | 258.27 | OK | |
| r-devel-windows-x86_64 | 0.1.4 | 61.00 | 130.00 | 191.00 | OK | |
| r-patched-linux-x86_64 | 0.1.4 | 54.93 | 115.94 | 170.87 | OK | |
| r-release-linux-x86_64 | 0.1.4 | 51.07 | 116.20 | 167.27 | OK | |
| r-release-macos-arm64 | 0.1.4 | OK | ||||
| r-release-macos-x86_64 | 0.1.4 | 59.00 | 81.00 | 140.00 | OK | |
| r-release-windows-x86_64 | 0.1.4 | 57.00 | 123.00 | 180.00 | OK | |
| r-oldrel-macos-arm64 | 0.1.4 | NOTE | ||||
| r-oldrel-macos-x86_64 | 0.1.4 | 59.00 | 95.00 | 154.00 | NOTE | |
| r-oldrel-windows-x86_64 | 0.1.4 | 78.00 | 157.00 | 235.00 | OK |
Version: 0.1.4
Check: installed package size
Result: NOTE
installed size is 5.2Mb
sub-directories of 1Mb or more:
R 4.9Mb
Flavors: r-oldrel-macos-arm64, r-oldrel-macos-x86_64