Last updated on 2025-11-03 09:49:25 CET.
| Flavor | Version | Tinstall | Tcheck | Ttotal | Status | Flags | 
|---|---|---|---|---|---|---|
| r-devel-linux-x86_64-debian-clang | 0.1.0 | 5.85 | 56.70 | 62.55 | NOTE | |
| r-devel-linux-x86_64-debian-gcc | 0.1.0 | 4.17 | 40.95 | 45.12 | NOTE | |
| r-devel-linux-x86_64-fedora-clang | 0.1.0 | 10.00 | 81.14 | 91.14 | NOTE | |
| r-devel-linux-x86_64-fedora-gcc | 0.1.0 | 12.00 | 76.32 | 88.32 | NOTE | |
| r-devel-windows-x86_64 | 0.1.0 | 7.00 | 63.00 | 70.00 | NOTE | |
| r-patched-linux-x86_64 | 0.1.0 | 5.04 | 51.01 | 56.05 | NOTE | |
| r-release-linux-x86_64 | 0.1.0 | 5.72 | 50.67 | 56.39 | NOTE | |
| r-release-macos-arm64 | 0.1.0 | 3.00 | 26.00 | 29.00 | NOTE | |
| r-release-macos-x86_64 | 0.1.0 | 4.00 | 37.00 | 41.00 | NOTE | |
| r-release-windows-x86_64 | 0.1.0 | 7.00 | 61.00 | 68.00 | NOTE | |
| r-oldrel-macos-arm64 | 0.1.0 | 2.00 | 21.00 | 23.00 | NOTE | |
| r-oldrel-macos-x86_64 | 0.1.0 | 4.00 | 31.00 | 35.00 | NOTE | |
| r-oldrel-windows-x86_64 | 0.1.0 | 10.00 | 77.00 | 87.00 | NOTE | 
Version: 0.1.0
Check: Rd files
Result: NOTE
  checkRd: (-1) cql.Rd:28: Lost braces; missing escapes or markup?
      28 | {X} \code{<x_var>, <(x_facet)>}: \tab\tab\tab\tab  X-axis variable. May include a second categorical\cr
         | ^
  checkRd: (-1) cql.Rd:30: Lost braces; missing escapes or markup?
      30 | {Y} \code{<y_var>}: \tab\tab\tab\tab Y-axis variable. *Not used for \code{hist}.\cr
         | ^
  checkRd: (-1) cql.Rd:38: Lost braces; missing escapes or markup?
      38 | {Y_label} \code{'<ylab>'}: \tab\tab\tab\tab  Y-axis custom label. Defaults to <y_var>\cr
         | ^
  checkRd: (-1) cql.Rd:39: Lost braces; missing escapes or markup?
      39 | {Legend} \code{'<legend>'}: \tab\tab\tab\tab  Legend custom label. Defaults to <x_category>\cr
         | ^
  checkRd: (-1) cql.Rd:40: Lost braces; missing escapes or markup?
      40 | {Colorset} \code{'<clist>'}: \tab\tab\tab\tab  Custom set of colors for <x_category> levels.\cr
         | ^
  checkRd: (-1) cql.Rd:42: Lost braces; missing escapes or markup?
      42 | {AggFunc} \code{'<func>'}: \tab\tab\tab\tab Summary function for \code{bar} type.\cr
         | ^
  checkRd: (-1) cql.Rd:45: Lost braces; missing escapes or markup?
      45 | {Fit} \code{'<show_se>'}: \tab\tab\tab\tab Valid types: \code{true|false}. Fit quadratic line.\cr
         | ^
  checkRd: (-1) cql.Rd:47: Lost braces; missing escapes or markup?
      47 | {ConfInt} \code{'<interval>'}: \tab\tab\tab\tab  Show error bars. Value is confidence interval value. E.g. '.95'
         | ^
Flavors: r-devel-linux-x86_64-debian-clang, r-devel-linux-x86_64-debian-gcc, r-devel-linux-x86_64-fedora-clang, r-devel-linux-x86_64-fedora-gcc, r-devel-windows-x86_64, r-patched-linux-x86_64, r-release-linux-x86_64, r-release-macos-arm64, r-release-macos-x86_64, r-release-windows-x86_64, r-oldrel-macos-arm64, r-oldrel-macos-x86_64, r-oldrel-windows-x86_64
Version: 0.1.0
Check: LazyData
Result: NOTE
    'LazyData' is specified without a 'data' directory
Flavors: r-oldrel-macos-arm64, r-oldrel-macos-x86_64, r-oldrel-windows-x86_64