Last updated on 2025-11-03 09:49:25 CET.
| Flavor | Version | Tinstall | Tcheck | Ttotal | Status | Flags | 
|---|---|---|---|---|---|---|
| r-devel-linux-x86_64-debian-clang | 1.0-1 | 1.74 | 39.35 | 41.09 | NOTE | |
| r-devel-linux-x86_64-debian-gcc | 1.0-1 | 1.45 | 30.87 | 32.32 | NOTE | |
| r-devel-linux-x86_64-fedora-clang | 1.0-1 | 59.20 | OK | |||
| r-devel-linux-x86_64-fedora-gcc | 1.0-1 | 58.93 | OK | |||
| r-devel-windows-x86_64 | 1.0-1 | 4.00 | 68.00 | 72.00 | OK | |
| r-patched-linux-x86_64 | 1.0-1 | 2.60 | 37.36 | 39.96 | OK | |
| r-release-linux-x86_64 | 1.0-1 | 1.78 | 37.37 | 39.15 | OK | |
| r-release-macos-arm64 | 1.0-1 | 1.00 | 21.00 | 22.00 | OK | |
| r-release-macos-x86_64 | 1.0-1 | 2.00 | 33.00 | 35.00 | OK | |
| r-release-windows-x86_64 | 1.0-1 | 3.00 | 66.00 | 69.00 | OK | |
| r-oldrel-macos-arm64 | 1.0-1 | 1.00 | 24.00 | 25.00 | OK | |
| r-oldrel-macos-x86_64 | 1.0-1 | 1.00 | 32.00 | 33.00 | OK | |
| r-oldrel-windows-x86_64 | 1.0-1 | 3.00 | 67.00 | 70.00 | OK | 
Version: 1.0-1
Check: CRAN incoming feasibility
Result: NOTE
  Maintainer: ‘Frederick Novomestky <fnovomes@poly.edu>’
  
  No Authors@R field in DESCRIPTION.
  Please add one, modifying
    Authors@R: person(given = "Frederick",
                      family = "Novomestky",
                      role = c("aut", "cre"),
                      email = "fnovomes@poly.edu")
  as necessary.
Flavors: r-devel-linux-x86_64-debian-clang, r-devel-linux-x86_64-debian-gcc