CRAN Package Check Results for Package hierfstat

Last updated on 2025-11-23 12:49:52 CET.

Flavor Version Tinstall Tcheck Ttotal Status Flags
r-devel-linux-x86_64-debian-clang 0.5-11 5.68 144.43 150.11 NOTE
r-devel-linux-x86_64-debian-gcc 0.5-11 4.13 102.41 106.54 NOTE
r-devel-linux-x86_64-fedora-clang 0.5-11 11.00 225.19 236.19 NOTE
r-devel-linux-x86_64-fedora-gcc 0.5-11 19.00 224.54 243.54 NOTE
r-devel-windows-x86_64 0.5-11 12.00 162.00 174.00 NOTE
r-patched-linux-x86_64 0.5-11 7.18 140.95 148.13 NOTE
r-release-linux-x86_64 0.5-11 5.48 145.57 151.05 NOTE
r-release-macos-arm64 0.5-11 NOTE
r-release-macos-x86_64 0.5-11 5.00 142.00 147.00 NOTE
r-release-windows-x86_64 0.5-11 10.00 160.00 170.00 NOTE
r-oldrel-macos-arm64 0.5-11 NOTE
r-oldrel-macos-x86_64 0.5-11 4.00 112.00 116.00 NOTE
r-oldrel-windows-x86_64 0.5-11 12.00 214.00 226.00 NOTE

Check Details

Version: 0.5-11
Check: Rd files
Result: NOTE checkRd: (-1) read.VCF.Rd:21: Lost braces 21 | Reads a \url{https://samtools.github.io/hts-specs/}{Variant Call Format (VCF)} file into a BED object, | ^ Flavors: r-devel-linux-x86_64-debian-clang, r-devel-linux-x86_64-debian-gcc, r-devel-linux-x86_64-fedora-clang, r-devel-linux-x86_64-fedora-gcc, r-devel-windows-x86_64, r-patched-linux-x86_64, r-release-linux-x86_64, r-release-macos-arm64, r-release-macos-x86_64, r-release-windows-x86_64, r-oldrel-macos-arm64, r-oldrel-macos-x86_64, r-oldrel-windows-x86_64