Last updated on 2025-11-25 11:51:59 CET.
| Flavor | Version | Tinstall | Tcheck | Ttotal | Status | Flags |
|---|---|---|---|---|---|---|
| r-devel-linux-x86_64-debian-clang | 0.4.1 | 5.15 | 84.02 | 89.17 | NOTE | |
| r-devel-linux-x86_64-debian-gcc | 0.4.1 | 3.83 | 59.92 | 63.75 | NOTE | |
| r-devel-linux-x86_64-fedora-clang | 0.4.1 | 32.00 | 119.50 | 151.50 | NOTE | |
| r-devel-linux-x86_64-fedora-gcc | 0.4.1 | 10.00 | 140.80 | 150.80 | NOTE | |
| r-devel-windows-x86_64 | 0.4.1 | 9.00 | 100.00 | 109.00 | NOTE | |
| r-patched-linux-x86_64 | 0.4.1 | 6.34 | 79.03 | 85.37 | NOTE | |
| r-release-linux-x86_64 | 0.4.1 | 5.55 | 78.67 | 84.22 | NOTE | |
| r-release-macos-arm64 | 0.4.1 | NOTE | ||||
| r-release-macos-x86_64 | 0.4.1 | 6.00 | 99.00 | 105.00 | NOTE | |
| r-release-windows-x86_64 | 0.4.1 | 8.00 | 103.00 | 111.00 | NOTE | |
| r-oldrel-macos-arm64 | 0.4.1 | NOTE | ||||
| r-oldrel-macos-x86_64 | 0.4.1 | 5.00 | 79.00 | 84.00 | NOTE | |
| r-oldrel-windows-x86_64 | 0.4.1 | 11.00 | 128.00 | 139.00 | NOTE |
Version: 0.4.1
Check: DESCRIPTION meta-information
Result: NOTE
Missing dependency on R >= 4.1.0 because package code uses the pipe
|> or function shorthand \(...) syntax added in R 4.1.0.
File(s) using such syntax:
‘qgis_run_algorithm_p.Rd’
Flavors: r-devel-linux-x86_64-debian-clang, r-devel-linux-x86_64-debian-gcc, r-devel-linux-x86_64-fedora-clang, r-devel-linux-x86_64-fedora-gcc, r-devel-windows-x86_64, r-patched-linux-x86_64, r-release-linux-x86_64, r-release-macos-arm64, r-release-macos-x86_64, r-release-windows-x86_64
Version: 0.4.1
Check: package dependencies
Result: NOTE
Package suggested but not available for checking: ‘spDataLarge’
Flavors: r-oldrel-macos-arm64, r-oldrel-macos-x86_64, r-oldrel-windows-x86_64