Last updated on 2025-11-23 12:50:05 CET.
| Flavor | Version | Tinstall | Tcheck | Ttotal | Status | Flags |
|---|---|---|---|---|---|---|
| r-devel-linux-x86_64-debian-clang | 1.1.7 | 10.78 | 102.07 | 112.85 | NOTE | |
| r-devel-linux-x86_64-debian-gcc | 1.1.7 | 7.03 | 76.55 | 83.58 | NOTE | |
| r-devel-linux-x86_64-fedora-clang | 1.1.7 | 19.00 | 144.68 | 163.68 | OK | |
| r-devel-linux-x86_64-fedora-gcc | 1.1.7 | 17.00 | 156.14 | 173.14 | OK | |
| r-devel-windows-x86_64 | 1.1.7 | 13.00 | 125.00 | 138.00 | OK | |
| r-patched-linux-x86_64 | 1.1.7 | 7.94 | 97.79 | 105.73 | OK | |
| r-release-linux-x86_64 | 1.1.7 | 10.33 | 98.50 | 108.83 | OK | |
| r-release-macos-arm64 | 1.1.7 | OK | ||||
| r-release-macos-x86_64 | 1.1.7 | 10.00 | 136.00 | 146.00 | OK | |
| r-release-windows-x86_64 | 1.1.7 | 10.00 | 151.00 | 161.00 | OK | |
| r-oldrel-macos-arm64 | 1.1.7 | OK | ||||
| r-oldrel-macos-x86_64 | 1.1.7 | 7.00 | 79.00 | 86.00 | OK | |
| r-oldrel-windows-x86_64 | 1.1.7 | 15.00 | 147.00 | 162.00 | OK |
Version: 1.1.7
Check: CRAN incoming feasibility
Result: NOTE
Maintainer: ‘Moritz Berger <Moritz.Berger@imbie.uni-bonn.de>’
No Authors@R field in DESCRIPTION.
Please add one, modifying
Authors@R: person(given = "Moritz",
family = "Berger",
role = c("aut", "cre"),
email = "moritz.berger@imbie.uni-bonn.de")
as necessary.
Flavors: r-devel-linux-x86_64-debian-clang, r-devel-linux-x86_64-debian-gcc