CRAN Package Check Results for Package triangulr

Last updated on 2025-11-28 10:50:15 CET.

Flavor Version Tinstall Tcheck Ttotal Status Flags
r-devel-linux-x86_64-debian-clang 1.2.1 5.70 31.09 36.79 NOTE
r-devel-linux-x86_64-debian-gcc 1.2.1 4.16 25.63 29.79 NOTE
r-devel-linux-x86_64-fedora-clang 1.2.1 14.00 41.52 55.52 NOTE
r-devel-linux-x86_64-fedora-gcc 1.2.1 24.00 34.09 58.09 NOTE
r-devel-windows-x86_64 1.2.1 12.00 52.00 64.00 NOTE
r-patched-linux-x86_64 1.2.1 6.40 29.10 35.50 NOTE
r-release-linux-x86_64 1.2.1 5.81 28.82 34.63 NOTE
r-release-macos-arm64 1.2.1 NOTE
r-release-macos-x86_64 1.2.1 7.00 32.00 39.00 NOTE
r-release-windows-x86_64 1.2.1 10.00 56.00 66.00 NOTE
r-oldrel-macos-arm64 1.2.1 NOTE
r-oldrel-macos-x86_64 1.2.1 5.00 26.00 31.00 NOTE
r-oldrel-windows-x86_64 1.2.1 12.00 62.00 74.00 NOTE

Check Details

Version: 1.2.1
Check: C++ specification
Result: NOTE Specified C++11: please drop specification unless essential Flavors: r-devel-linux-x86_64-debian-clang, r-devel-windows-x86_64, r-patched-linux-x86_64, r-release-linux-x86_64, r-release-macos-arm64, r-release-macos-x86_64, r-release-windows-x86_64, r-oldrel-macos-arm64, r-oldrel-macos-x86_64, r-oldrel-windows-x86_64

Version: 1.2.1
Check: C++ specification
Result: NOTE Specified C++11: support will be removed soon Flavors: r-devel-linux-x86_64-debian-gcc, r-devel-linux-x86_64-fedora-clang, r-devel-linux-x86_64-fedora-gcc