############################################################################## ############################################################################## ### ### Running command: ### ### /home/biocbuild/bbs-3.20-bioc/R/bin/R CMD build --keep-empty-dirs --no-resave-data healthyControlsPresenceChecker ### ############################################################################## ############################################################################## * checking for file ‘healthyControlsPresenceChecker/DESCRIPTION’ ... OK * preparing ‘healthyControlsPresenceChecker’: * checking DESCRIPTION meta-information ... OK * installing the package to build vignettes * creating vignettes ... ERROR --- re-building ‘healthyControlsPresenceChecker.Rmd’ using rmarkdown Quitting from healthyControlsPresenceChecker.Rmd:68-70 [unnamed-chunk-4] ~~~~~~~~~~~~~~~~~~~~~~~~~~~~~~~~~~~~~~~~~~~~~~~~~~~~~~~~~~~~~~~~~~~~~~~~~~~~~~~~ NULL ~~~~~~~~~~~~~~~~~~~~~~~~~~~~~~~~~~~~~~~~~~~~~~~~~~~~~~~~~~~~~~~~~~~~~~~~~~~~~~~~ Error: processing vignette 'healthyControlsPresenceChecker.Rmd' failed with diagnostics: HTTP 404 Not Found. --- failed re-building ‘healthyControlsPresenceChecker.Rmd’ SUMMARY: processing the following file failed: ‘healthyControlsPresenceChecker.Rmd’ Error: Vignette re-building failed. Execution halted