| Back to Multiple platform build/check report for BioC 3.23: simplified long |
|
This page was generated on 2025-11-20 11:40 -0500 (Thu, 20 Nov 2025).
| Hostname | OS | Arch (*) | R version | Installed pkgs |
|---|---|---|---|---|
| nebbiolo1 | Linux (Ubuntu 24.04.3 LTS) | x86_64 | R Under development (unstable) (2025-10-20 r88955) -- "Unsuffered Consequences" | 4827 |
| lconway | macOS 12.7.6 Monterey | x86_64 | R Under development (unstable) (2025-10-21 r88958) -- "Unsuffered Consequences" | 4600 |
| kjohnson3 | macOS 13.7.7 Ventura | arm64 | R Under development (unstable) (2025-11-04 r88984) -- "Unsuffered Consequences" | 4564 |
| Click on any hostname to see more info about the system (e.g. compilers) (*) as reported by 'uname -p', except on Windows and Mac OS X | ||||
| Package 1575/2325 | Hostname | OS / Arch | INSTALL | BUILD | CHECK | BUILD BIN | ||||||||
| phyloseq 1.55.0 (landing page) Paul J. McMurdie
| nebbiolo1 | Linux (Ubuntu 24.04.3 LTS) / x86_64 | OK | OK | ERROR | |||||||||
| lconway | macOS 12.7.6 Monterey / x86_64 | OK | OK | ERROR | OK | |||||||||
| kjohnson3 | macOS 13.7.7 Ventura / arm64 | OK | ERROR | skipped | skipped | |||||||||
|
To the developers/maintainers of the phyloseq package: - Allow up to 24 hours (and sometimes 48 hours) for your latest push to git@git.bioconductor.org:packages/phyloseq.git to reflect on this report. See Troubleshooting Build Report for more information. - Use the following Renviron settings to reproduce errors and warnings. - If 'R CMD check' started to fail recently on the Linux builder(s) over a missing dependency, add the missing dependency to 'Suggests:' in your DESCRIPTION file. See Renviron.bioc for more information. |
| Package: phyloseq |
| Version: 1.55.0 |
| Command: /Library/Frameworks/R.framework/Resources/bin/R CMD build --keep-empty-dirs --no-resave-data phyloseq |
| StartedAt: 2025-11-19 17:17:56 -0500 (Wed, 19 Nov 2025) |
| EndedAt: 2025-11-19 17:18:36 -0500 (Wed, 19 Nov 2025) |
| EllapsedTime: 40.5 seconds |
| RetCode: 1 |
| Status: ERROR |
| PackageFile: None |
| PackageFileSize: NA |
############################################################################## ############################################################################## ### ### Running command: ### ### /Library/Frameworks/R.framework/Resources/bin/R CMD build --keep-empty-dirs --no-resave-data phyloseq ### ############################################################################## ############################################################################## * checking for file ‘phyloseq/DESCRIPTION’ ... OK * preparing ‘phyloseq’: * checking DESCRIPTION meta-information ... OK * installing the package (it is needed to build vignettes) * creating vignettes ... ERROR --- re-building ‘phyloseq-FAQ.Rmd’ using rmarkdown 2025-11-19 17:18:09.468 R[6205:85516463] XType: Using static font registry. --- finished re-building ‘phyloseq-FAQ.Rmd’ --- re-building ‘phyloseq-analysis.Rmd’ using rmarkdown --- finished re-building ‘phyloseq-analysis.Rmd’ --- re-building ‘phyloseq-basics.Rmd’ using rmarkdown YAML parse exception at line 2, column 6, while scanning a block scalar: did not find expected comment or line break Error: processing vignette 'phyloseq-basics.Rmd' failed with diagnostics: pandoc document conversion failed with error 64 --- failed re-building ‘phyloseq-basics.Rmd’ --- re-building ‘phyloseq-mixture-models.Rmd’ using rmarkdown --- finished re-building ‘phyloseq-mixture-models.Rmd’ SUMMARY: processing the following file failed: ‘phyloseq-basics.Rmd’ Error: Vignette re-building failed. Execution halted