############################################################################## ############################################################################## ### ### Running command: ### ### /home/biocbuild/bbs-3.23-bioc/R/bin/R CMD build --keep-empty-dirs --no-resave-data DuoClustering2018 ### ############################################################################## ############################################################################## * checking for file ‘DuoClustering2018/DESCRIPTION’ ... OK * preparing ‘DuoClustering2018’: * checking DESCRIPTION meta-information ... OK * installing the package (it is needed to build vignettes) * creating vignettes ... ERROR --- re-building ‘combine_data_clustering.Rmd’ using rmarkdown Quitting from combine_data_clustering.Rmd:53-55 [unnamed-chunk-3] ~~~~~~~~~~~~~~~~~~~~~~~~~~~~~~~~~~~~~~~~~~~~~~~~~~~~~~~~~~~~~~~~~~~~~~~~~~~~~~~~ Error: ! failed to load resource name: EH1620 title: clustering_summary_filteredExpr10_Koh_v2 reason: 1 resources failed to download --- Backtrace: ▆ 1. └─ExperimentHub (local) clustering_summary_filteredExpr10_Koh_v2() 2. ├─eh1[[1L]] 3. └─eh1[[1L]] 4. └─ExperimentHub (local) .local(x, i, j = j, ...) 5. ├─methods::callNextMethod(...) 6. │ └─base::eval(call, callEnv) 7. │ └─base::eval(call, callEnv) 8. └─AnnotationHub (local) .nextMethod(...) 9. └─AnnotationHub (local) .local(x, i, j = j, ...) 10. └─AnnotationHub:::.Hub_get1(...) 11. └─base::tryCatch(...) 12. └─base (local) tryCatchList(expr, classes, parentenv, handlers) 13. └─base (local) tryCatchOne(expr, names, parentenv, handlers[[1L]]) 14. └─value[[3L]](cond) 15. └─base::tryCatch(...) 16. └─base (local) tryCatchList(expr, classes, parentenv, handlers) 17. └─base (local) tryCatchOne(expr, names, parentenv, handlers[[1L]]) 18. └─value[[3L]](cond) ~~~~~~~~~~~~~~~~~~~~~~~~~~~~~~~~~~~~~~~~~~~~~~~~~~~~~~~~~~~~~~~~~~~~~~~~~~~~~~~~ Error: processing vignette 'combine_data_clustering.Rmd' failed with diagnostics: failed to load resource name: EH1620 title: clustering_summary_filteredExpr10_Koh_v2 reason: 1 resources failed to download --- failed re-building ‘combine_data_clustering.Rmd’ --- re-building ‘plot_performance.Rmd’ using rmarkdown Quitting from plot_performance.Rmd:87-95 [unnamed-chunk-5] ~~~~~~~~~~~~~~~~~~~~~~~~~~~~~~~~~~~~~~~~~~~~~~~~~~~~~~~~~~~~~~~~~~~~~~~~~~~~~~~~ Error: ! All inputs to rbind.fill must be data.frames --- Backtrace: ▆ 1. └─plyr::rbind.fill(...) ~~~~~~~~~~~~~~~~~~~~~~~~~~~~~~~~~~~~~~~~~~~~~~~~~~~~~~~~~~~~~~~~~~~~~~~~~~~~~~~~ Error: processing vignette 'plot_performance.Rmd' failed with diagnostics: All inputs to rbind.fill must be data.frames --- failed re-building ‘plot_performance.Rmd’ --- re-building ‘run_clustering.Rmd’ using rmarkdown --- finished re-building ‘run_clustering.Rmd’ SUMMARY: processing the following files failed: ‘combine_data_clustering.Rmd’ ‘plot_performance.Rmd’ Error: Vignette re-building failed. Execution halted