Last updated on 2025-10-31 09:50:10 CET.
| Flavor | Version | Tinstall | Tcheck | Ttotal | Status | Flags | 
|---|---|---|---|---|---|---|
| r-devel-linux-x86_64-debian-clang | 0.1.4 | 5.60 | 51.79 | 57.39 | NOTE | |
| r-devel-linux-x86_64-debian-gcc | 0.1.4 | 4.95 | 40.31 | 45.26 | NOTE | |
| r-devel-linux-x86_64-fedora-clang | 0.1.4 | 15.00 | 73.72 | 88.72 | OK | |
| r-devel-linux-x86_64-fedora-gcc | 0.1.4 | 14.00 | 84.46 | 98.46 | OK | |
| r-devel-windows-x86_64 | 0.1.4 | 8.00 | 68.00 | 76.00 | OK | |
| r-patched-linux-x86_64 | 0.1.4 | 6.67 | 48.87 | 55.54 | OK | |
| r-release-linux-x86_64 | 0.1.4 | 6.24 | 49.11 | 55.35 | OK | |
| r-release-macos-arm64 | 0.1.4 | 5.00 | 40.00 | 45.00 | OK | |
| r-release-macos-x86_64 | 0.1.4 | 8.00 | 55.00 | 63.00 | OK | |
| r-release-windows-x86_64 | 0.1.4 | 8.00 | 68.00 | 76.00 | OK | |
| r-oldrel-macos-arm64 | 0.1.4 | 3.00 | 32.00 | 35.00 | OK | |
| r-oldrel-macos-x86_64 | 0.1.4 | 5.00 | 45.00 | 50.00 | OK | |
| r-oldrel-windows-x86_64 | 0.1.4 | 10.00 | 81.00 | 91.00 | OK | 
Version: 0.1.4
Check: CRAN incoming feasibility
Result: NOTE
  Maintainer: ‘Jon Katz <jonkatz4@gmail.com>’
  
  No Authors@R field in DESCRIPTION.
  Please add one, modifying
    Authors@R: c(person(given = "Jon",
                        family = "Katz",
                        role = c("aut", "cre"),
                        email = "jonkatz4@gmail.com"),
                 person(given = "Therese",
                        family = "Donovan",
                        role = "aut",
                        email = "tdonovan@uvm.edu"))
  as necessary.
  
  Package CITATION file contains call(s) to old-style personList() or
  as.personList().  Please use c() on person objects instead.
  Package CITATION file contains call(s) to old-style citEntry().  Please
  use bibentry() instead.
  
  Found the following \keyword or \concept entries
  which likely give several index terms:
    File ‘simCovariate.Rd’:
      \keyword{datagen,}
Flavors: r-devel-linux-x86_64-debian-clang, r-devel-linux-x86_64-debian-gcc