Last updated on 2025-10-31 09:50:11 CET.
| Flavor | Version | Tinstall | Tcheck | Ttotal | Status | Flags | 
|---|---|---|---|---|---|---|
| r-devel-linux-x86_64-debian-clang | 0.2.3 | 3.15 | 27.87 | 31.02 | NOTE | |
| r-devel-linux-x86_64-debian-gcc | 0.2.3 | 2.30 | 21.94 | 24.24 | NOTE | |
| r-devel-linux-x86_64-fedora-clang | 0.2.3 | 45.62 | OK | |||
| r-devel-linux-x86_64-fedora-gcc | 0.2.3 | 43.90 | OK | |||
| r-devel-windows-x86_64 | 0.2.3 | 4.00 | 53.00 | 57.00 | OK | |
| r-patched-linux-x86_64 | 0.2.3 | 2.82 | 26.46 | 29.28 | OK | |
| r-release-linux-x86_64 | 0.2.3 | 2.76 | 26.14 | 28.90 | OK | |
| r-release-macos-arm64 | 0.2.3 | 2.00 | 25.00 | 27.00 | OK | |
| r-release-macos-x86_64 | 0.2.3 | 3.00 | 39.00 | 42.00 | OK | |
| r-release-windows-x86_64 | 0.2.3 | 6.00 | 55.00 | 61.00 | OK | |
| r-oldrel-macos-arm64 | 0.2.3 | 1.00 | 17.00 | 18.00 | OK | |
| r-oldrel-macos-x86_64 | 0.2.3 | 2.00 | 27.00 | 29.00 | OK | |
| r-oldrel-windows-x86_64 | 0.2.3 | 6.00 | 63.00 | 69.00 | OK | 
Version: 0.2.3
Check: CRAN incoming feasibility
Result: NOTE
  Maintainer: ‘Diogo Silveira Mendonca <diogosmendonca@gmail.com>’
  
  No Authors@R field in DESCRIPTION.
  Please add one, modifying
    Authors@R: person(given = c("Diogo", "Silveira"),
                      family = "Mendonca",
                      role = c("aut", "cre"),
                      email = "diogosmendonca@gmail.com")
  as necessary.
Flavors: r-devel-linux-x86_64-debian-clang, r-devel-linux-x86_64-debian-gcc