CRAN Package Check Results for Package BLModel

Last updated on 2025-11-19 09:48:29 CET.

Flavor Version Tinstall Tcheck Ttotal Status Flags
r-devel-linux-x86_64-debian-clang 1.0.2 1.89 23.45 25.34 OK
r-devel-linux-x86_64-debian-gcc 1.0.2 1.61 18.68 20.29 OK
r-devel-linux-x86_64-fedora-clang 1.0.2 37.48 OK
r-devel-linux-x86_64-fedora-gcc 1.0.2 37.44 OK
r-devel-windows-x86_64 1.0.2 5.00 48.00 53.00 NOTE
r-patched-linux-x86_64 1.0.2 2.00 21.94 23.94 OK
r-release-linux-x86_64 1.0.2 1.95 22.01 23.96 OK
r-release-macos-arm64 1.0.2 1.00 16.00 17.00 OK
r-release-macos-x86_64 1.0.2 2.00 25.00 27.00 OK
r-release-windows-x86_64 1.0.2 4.00 46.00 50.00 OK
r-oldrel-macos-arm64 1.0.2 1.00 19.00 20.00 NOTE
r-oldrel-macos-x86_64 1.0.2 2.00 25.00 27.00 NOTE
r-oldrel-windows-x86_64 1.0.2 3.00 53.00 56.00 NOTE

Check Details

Version: 1.0.2
Check: Rd files
Result: NOTE checkRd: (-1) BL_post_distr.Rd:59-65: Only 4 columns allowed in this table (row 1 has 2) checkRd: (-1) BL_post_distr.Rd:59-65: Only 4 columns allowed in this table (row 2 has 2) checkRd: (-1) BL_post_distr.Rd:59-65: Only 4 columns allowed in this table (row 3 has 2) checkRd: (-1) equilibrium_mean.Rd:25-29: Only 4 columns allowed in this table (row 1 has 2) checkRd: (-1) equilibrium_mean.Rd:25-29: Only 4 columns allowed in this table (row 2 has 2) Flavor: r-devel-windows-x86_64

Version: 1.0.2
Check: LazyData
Result: NOTE 'LazyData' is specified without a 'data' directory Flavors: r-oldrel-macos-arm64, r-oldrel-macos-x86_64, r-oldrel-windows-x86_64