Last updated on 2025-10-31 09:50:11 CET.
| Flavor | Version | Tinstall | Tcheck | Ttotal | Status | Flags | 
|---|---|---|---|---|---|---|
| r-devel-linux-x86_64-debian-clang | 1.2.3 | 314.77 | 208.48 | 523.25 | OK | |
| r-devel-linux-x86_64-debian-gcc | 1.2.3 | 231.33 | 171.89 | 403.22 | OK | |
| r-devel-linux-x86_64-fedora-clang | 1.2.3 | 720.00 | 109.37 | 829.37 | OK | |
| r-devel-linux-x86_64-fedora-gcc | 1.2.3 | 2220.00 | -1112.70 | 1107.30 | OK | |
| r-devel-windows-x86_64 | 1.2.3 | 329.00 | 252.00 | 581.00 | OK | |
| r-patched-linux-x86_64 | 1.2.3 | 292.81 | 236.34 | 529.15 | OK | |
| r-release-linux-x86_64 | 1.2.3 | 369.85 | 235.82 | 605.67 | OK | |
| r-release-macos-arm64 | 1.2.3 | 124.00 | 80.00 | 204.00 | OK | |
| r-release-macos-x86_64 | 1.2.3 | 129.00 | 137.00 | 266.00 | OK | |
| r-release-windows-x86_64 | 1.2.3 | 329.00 | 255.00 | 584.00 | OK | |
| r-oldrel-macos-arm64 | 1.2.3 | 66.00 | 49.00 | 115.00 | NOTE | |
| r-oldrel-macos-x86_64 | 1.2.3 | 62.00 | 83.00 | 145.00 | NOTE | |
| r-oldrel-windows-x86_64 | 1.2.3 | 416.00 | 319.00 | 735.00 | NOTE | 
Version: 1.2.3
Check: installed package size
Result: NOTE
    installed size is 87.7Mb
    sub-directories of 1Mb or more:
      data   1.3Mb
      help   1.8Mb
      libs  83.5Mb
Flavors: r-oldrel-macos-arm64, r-oldrel-macos-x86_64, r-oldrel-windows-x86_64
Version: 1.2.3
Check: for GNU extensions in Makefiles
Result: NOTE
  GNU make is a SystemRequirements.
Flavors: r-oldrel-macos-arm64, r-oldrel-macos-x86_64, r-oldrel-windows-x86_64