Last updated on 2025-10-31 09:50:14 CET.
| Flavor | Version | Tinstall | Tcheck | Ttotal | Status | Flags | 
|---|---|---|---|---|---|---|
| r-devel-linux-x86_64-debian-clang | 0.1.0 | 11.17 | 104.05 | 115.22 | NOTE | |
| r-devel-linux-x86_64-debian-gcc | 0.1.0 | 7.43 | 67.51 | 74.94 | NOTE | |
| r-devel-linux-x86_64-fedora-clang | 0.1.0 | 28.00 | 155.09 | 183.09 | OK | |
| r-devel-linux-x86_64-fedora-gcc | 0.1.0 | 62.00 | 124.19 | 186.19 | OK | |
| r-devel-windows-x86_64 | 0.1.0 | 12.00 | 102.00 | 114.00 | OK | |
| r-patched-linux-x86_64 | 0.1.0 | 11.07 | 96.94 | 108.01 | OK | |
| r-release-linux-x86_64 | 0.1.0 | 10.85 | 97.65 | 108.50 | OK | |
| r-release-macos-arm64 | 0.1.0 | 5.00 | 37.00 | 42.00 | OK | |
| r-release-macos-x86_64 | 0.1.0 | 8.00 | 70.00 | 78.00 | OK | |
| r-release-windows-x86_64 | 0.1.0 | 14.00 | 104.00 | 118.00 | OK | |
| r-oldrel-macos-arm64 | 0.1.0 | 4.00 | 36.00 | 40.00 | NOTE | |
| r-oldrel-macos-x86_64 | 0.1.0 | 7.00 | 53.00 | 60.00 | NOTE | |
| r-oldrel-windows-x86_64 | 0.1.0 | 18.00 | 134.00 | 152.00 | NOTE | 
Version: 0.1.0
Check: CRAN incoming feasibility
Result: NOTE
  Maintainer: ‘Luiz O. Gavião <luiz.gaviao67@gmail.com>’
  
  No Authors@R field in DESCRIPTION.
  Please add one, modifying
    Authors@R: c(person(given = c("Luiz", "O."),
                        family = "Gavião",
                        role = c("aut", "cre"),
                        email = "luiz.gaviao67@gmail.com"),
                 person(given = c("Annibal", "P."),
                        family = "Sant'Anna",
                        role = "aut"),
                 person(given = c("Gilson", "B.A."),
                        family = "Lima",
                        role = "aut"),
                 person(given = c("Pauli", "A.A."),
                        family = "Garcia.",
                        role = "aut"))
  as necessary.
Flavors: r-devel-linux-x86_64-debian-clang, r-devel-linux-x86_64-debian-gcc
Version: 0.1.0
Check: LazyData
Result: NOTE
    'LazyData' is specified without a 'data' directory
Flavors: r-oldrel-macos-arm64, r-oldrel-macos-x86_64, r-oldrel-windows-x86_64