Last updated on 2025-10-31 09:50:13 CET.
| Flavor | Version | Tinstall | Tcheck | Ttotal | Status | Flags | 
|---|---|---|---|---|---|---|
| r-devel-linux-x86_64-debian-clang | 0.6.6 | 9.02 | 71.47 | 80.49 | NOTE | |
| r-devel-linux-x86_64-debian-gcc | 0.6.6 | 6.61 | 51.69 | 58.30 | NOTE | |
| r-devel-linux-x86_64-fedora-clang | 0.6.6 | 56.00 | 83.29 | 139.29 | OK | |
| r-devel-linux-x86_64-fedora-gcc | 0.6.6 | 21.00 | 134.52 | 155.52 | OK | |
| r-devel-windows-x86_64 | 0.6.6 | 11.00 | 89.00 | 100.00 | OK | |
| r-patched-linux-x86_64 | 0.6.6 | 9.30 | 68.01 | 77.31 | OK | |
| r-release-linux-x86_64 | 0.6.6 | 7.74 | 67.86 | 75.60 | OK | |
| r-release-macos-arm64 | 0.6.6 | 4.00 | 40.00 | 44.00 | OK | |
| r-release-macos-x86_64 | 0.6.6 | 8.00 | 84.00 | 92.00 | OK | |
| r-release-windows-x86_64 | 0.6.6 | 10.00 | 89.00 | 99.00 | OK | |
| r-oldrel-macos-arm64 | 0.6.6 | 4.00 | 41.00 | 45.00 | OK | |
| r-oldrel-macos-x86_64 | 0.6.6 | 7.00 | 60.00 | 67.00 | OK | |
| r-oldrel-windows-x86_64 | 0.6.6 | 12.00 | 106.00 | 118.00 | OK | 
Version: 0.6.6
Check: CRAN incoming feasibility
Result: NOTE
  Maintainer: ‘Gabriel Becker <gabembecker@gmail.com>’
  
  No Authors@R field in DESCRIPTION.
  Please add one, modifying
    Authors@R: c(person(given = c("Duncan", "Temple"),
                        family = "Lang",
                        role = "aut"),
                 person(given = "Roger",
                        family = "Peng",
                        role = "aut"),
                 person(given = "Deborah",
                        family = "Nolan",
                        role = "aut"),
                 person(given = "Gabriel",
                        family = "Becker",
                        role = c("aut", "cre"),
                        email = "gabembecker@gmail.com"))
  as necessary.
Flavors: r-devel-linux-x86_64-debian-clang, r-devel-linux-x86_64-debian-gcc