CRAN Package Check Results for Package CommonMean.Copula

Last updated on 2025-11-23 12:49:45 CET.

Flavor Version Tinstall Tcheck Ttotal Status Flags
r-devel-linux-x86_64-debian-clang 1.0.4 1.89 20.50 22.39 NOTE
r-devel-linux-x86_64-debian-gcc 1.0.4 1.42 16.72 18.14 NOTE
r-devel-linux-x86_64-fedora-clang 1.0.4 30.90 OK
r-devel-windows-x86_64 1.0.4 3.00 39.00 42.00 OK
r-patched-linux-x86_64 1.0.4 1.75 18.98 20.73 OK
r-release-linux-x86_64 1.0.4 1.81 19.14 20.95 OK
r-release-macos-arm64 1.0.4 OK
r-release-macos-x86_64 1.0.4 2.00 22.00 24.00 OK
r-release-windows-x86_64 1.0.4 3.00 47.00 50.00 OK
r-oldrel-macos-arm64 1.0.4 OK
r-oldrel-macos-x86_64 1.0.4 2.00 21.00 23.00 OK
r-oldrel-windows-x86_64 1.0.4 3.00 42.00 45.00 OK

Check Details

Version: 1.0.4
Check: CRAN incoming feasibility
Result: NOTE Maintainer: ‘Jia-Han Shih <tommy355097@gmail.com>’ No Authors@R field in DESCRIPTION. Please add one, modifying Authors@R: person(given = "Jia-Han", family = "Shih", role = c("aut", "cre"), email = "tommy355097@gmail.com") as necessary. Flavors: r-devel-linux-x86_64-debian-clang, r-devel-linux-x86_64-debian-gcc