Last updated on 2025-11-26 09:51:12 CET.
| Flavor | Version | Tinstall | Tcheck | Ttotal | Status | Flags |
|---|---|---|---|---|---|---|
| r-devel-linux-x86_64-debian-clang | 1.1.0 | 0.27 | 2.40 | 2.67 | ERROR | |
| r-devel-linux-x86_64-debian-gcc | 1.1.0 | 0.27 | 1.85 | 2.12 | ERROR | |
| r-devel-linux-x86_64-fedora-clang | 1.1.0 | 2.51 | ERROR | |||
| r-devel-linux-x86_64-fedora-gcc | 1.1.0 | 2.56 | ERROR | |||
| r-devel-windows-x86_64 | 1.1.0 | 49.00 | 355.00 | 404.00 | NOTE | |
| r-patched-linux-x86_64 | 1.1.0 | 46.95 | 383.26 | 430.21 | OK | |
| r-release-linux-x86_64 | 1.1.0 | 46.25 | 384.73 | 430.98 | OK | |
| r-release-macos-arm64 | 1.1.0 | OK | ||||
| r-release-macos-x86_64 | 1.1.0 | 47.00 | 236.00 | 283.00 | OK | |
| r-release-windows-x86_64 | 1.1.0 | 49.00 | 317.00 | 366.00 | OK | |
| r-oldrel-macos-arm64 | 1.1.0 | OK | ||||
| r-oldrel-macos-x86_64 | 1.1.0 | 48.00 | 295.00 | 343.00 | OK | |
| r-oldrel-windows-x86_64 | 1.1.0 | 70.00 | 440.00 | 510.00 | OK |
Version: 1.1.0
Check: package dependencies
Result: ERROR
Package required but not available: ‘tmap’
See section ‘The DESCRIPTION file’ in the ‘Writing R Extensions’
manual.
Flavors: r-devel-linux-x86_64-debian-clang, r-devel-linux-x86_64-debian-gcc, r-devel-linux-x86_64-fedora-clang, r-devel-linux-x86_64-fedora-gcc
Version: 1.1.0
Check: Rd files
Result: NOTE
checkRd: (-1) multipopulation_cv.Rd:87: height/width attributes should be in pixels
checkRd: (-1) multipopulation_cv.Rd:100: height/width attributes should be in pixels
checkRd: (-1) multipopulation_cv.Rd:114: height/width attributes should be in pixels
Flavor: r-devel-windows-x86_64