CRAN Package Check Results for Package GoogleKnowledgeGraphR

Last updated on 2025-11-24 09:50:34 CET.

Flavor Version Tinstall Tcheck Ttotal Status Flags
r-devel-linux-x86_64-debian-clang 0.1.0 1.83 21.07 22.90 NOTE
r-devel-linux-x86_64-debian-gcc 0.1.0 1.57 17.47 19.04 NOTE
r-devel-linux-x86_64-fedora-clang 0.1.0 32.77 OK
r-devel-windows-x86_64 0.1.0 5.00 40.00 45.00 OK
r-patched-linux-x86_64 0.1.0 1.87 19.85 21.72 OK
r-release-linux-x86_64 0.1.0 1.93 19.83 21.76 OK
r-release-macos-arm64 0.1.0 OK
r-release-macos-x86_64 0.1.0 2.00 26.00 28.00 OK
r-release-windows-x86_64 0.1.0 5.00 47.00 52.00 OK
r-oldrel-macos-arm64 0.1.0 NOTE
r-oldrel-macos-x86_64 0.1.0 2.00 24.00 26.00 NOTE
r-oldrel-windows-x86_64 0.1.0 4.00 44.00 48.00 NOTE

Check Details

Version: 0.1.0
Check: CRAN incoming feasibility
Result: NOTE Maintainer: ‘Daniel Schmeh <danielschmeh@gmail.com>’ No Authors@R field in DESCRIPTION. Please add one, modifying Authors@R: person(given = "Daniel", family = "Schmeh", role = c("aut", "cre"), email = "danielschmeh@gmail.com") as necessary. Flavors: r-devel-linux-x86_64-debian-clang, r-devel-linux-x86_64-debian-gcc

Version: 0.1.0
Check: LazyData
Result: NOTE 'LazyData' is specified without a 'data' directory Flavors: r-oldrel-macos-arm64, r-oldrel-macos-x86_64, r-oldrel-windows-x86_64