Last updated on 2025-10-31 09:50:22 CET.
| Flavor | Version | Tinstall | Tcheck | Ttotal | Status | Flags | 
|---|---|---|---|---|---|---|
| r-devel-linux-x86_64-debian-clang | 1.0 | 28.61 | 37.37 | 65.98 | NOTE | |
| r-devel-linux-x86_64-debian-gcc | 1.0 | 20.73 | 28.89 | 49.62 | NOTE | |
| r-devel-linux-x86_64-fedora-clang | 1.0 | 112.00 | 6.33 | 118.33 | OK | |
| r-devel-linux-x86_64-fedora-gcc | 1.0 | 183.00 | -71.44 | 111.56 | OK | |
| r-devel-windows-x86_64 | 1.0 | 36.00 | 66.00 | 102.00 | OK | |
| r-patched-linux-x86_64 | 1.0 | 31.96 | 33.55 | 65.51 | OK | |
| r-release-linux-x86_64 | 1.0 | 30.99 | 31.28 | 62.27 | OK | |
| r-release-macos-arm64 | 1.0 | 11.00 | 21.00 | 32.00 | OK | |
| r-release-macos-x86_64 | 1.0 | 19.00 | 36.00 | 55.00 | OK | |
| r-release-windows-x86_64 | 1.0 | 36.00 | 66.00 | 102.00 | OK | |
| r-oldrel-macos-arm64 | 1.0 | 12.00 | 19.00 | 31.00 | OK | |
| r-oldrel-macos-x86_64 | 1.0 | 16.00 | 28.00 | 44.00 | OK | |
| r-oldrel-windows-x86_64 | 1.0 | 42.00 | 83.00 | 125.00 | OK | 
Version: 1.0
Check: CRAN incoming feasibility
Result: NOTE
  Maintainer: ‘Kuo-Jung Lee <kuojunglee@mail.ncku.edu.tw>’
  
  No Authors@R field in DESCRIPTION.
  Please add one, modifying
    Authors@R: person(given = "Kuo-Jung",
                      family = "Lee",
                      role = c("aut", "cre"),
                      email = "kuojunglee@mail.ncku.edu.tw")
  as necessary.
Flavors: r-devel-linux-x86_64-debian-clang, r-devel-linux-x86_64-debian-gcc