Last updated on 2025-10-31 09:50:23 CET.
| Flavor | Version | Tinstall | Tcheck | Ttotal | Status | Flags | 
|---|---|---|---|---|---|---|
| r-devel-linux-x86_64-debian-clang | 1.2 | 1.86 | 18.22 | 20.08 | NOTE | |
| r-devel-linux-x86_64-debian-gcc | 1.2 | 1.40 | 15.39 | 16.79 | NOTE | |
| r-devel-linux-x86_64-fedora-clang | 1.2 | 31.15 | OK | |||
| r-devel-linux-x86_64-fedora-gcc | 1.2 | 27.59 | OK | |||
| r-devel-windows-x86_64 | 1.2 | 3.00 | 33.00 | 36.00 | OK | |
| r-patched-linux-x86_64 | 1.2 | 1.81 | 17.23 | 19.04 | OK | |
| r-release-linux-x86_64 | 1.2 | 1.46 | 17.21 | 18.67 | OK | |
| r-release-macos-arm64 | 1.2 | 1.00 | 15.00 | 16.00 | OK | |
| r-release-macos-x86_64 | 1.2 | 3.00 | 30.00 | 33.00 | OK | |
| r-release-windows-x86_64 | 1.2 | 4.00 | 35.00 | 39.00 | OK | |
| r-oldrel-macos-arm64 | 1.2 | 1.00 | 12.00 | 13.00 | OK | |
| r-oldrel-macos-x86_64 | 1.2 | 2.00 | 28.00 | 30.00 | OK | |
| r-oldrel-windows-x86_64 | 1.2 | 2.00 | 35.00 | 37.00 | OK | 
Version: 1.2
Check: CRAN incoming feasibility
Result: NOTE
  Maintainer: ‘Pablo J. Villacorta <pjvi@decsai.ugr.es>’
  
  No Authors@R field in DESCRIPTION.
  Please add one, modifying
    Authors@R: person(given = c("Pablo", "J."),
                      family = "Villacorta",
                      role = c("aut", "cre"),
                      email = "pjvi@decsai.ugr.es")
  as necessary.
Flavors: r-devel-linux-x86_64-debian-clang, r-devel-linux-x86_64-debian-gcc