Last updated on 2025-10-13 09:48:37 CEST.
Flavor | Version | Tinstall | Tcheck | Ttotal | Status | Flags |
---|---|---|---|---|---|---|
r-devel-linux-x86_64-debian-clang | 0.10.1 | 79.68 | 186.23 | 265.91 | OK | |
r-devel-linux-x86_64-debian-gcc | 0.10.1 | 60.25 | 123.95 | 184.20 | OK | |
r-devel-linux-x86_64-fedora-clang | 0.10.3 | 434.51 | OK | |||
r-devel-linux-x86_64-fedora-gcc | 0.10.3 | 432.30 | OK | |||
r-devel-windows-x86_64 | 0.10.1 | 73.00 | 152.00 | 225.00 | OK | |
r-patched-linux-x86_64 | 0.10.1 | 78.17 | 171.02 | 249.19 | OK | |
r-release-linux-x86_64 | 0.10.1 | 80.98 | 173.66 | 254.64 | OK | |
r-release-macos-arm64 | 0.10.3 | 107.00 | OK | |||
r-release-macos-x86_64 | 0.10.3 | 250.00 | OK | |||
r-release-windows-x86_64 | 0.10.1 | 72.00 | 156.00 | 228.00 | OK | |
r-oldrel-macos-arm64 | 0.10.3 | 112.00 | NOTE | |||
r-oldrel-macos-x86_64 | 0.10.3 | 274.00 | NOTE | |||
r-oldrel-windows-x86_64 | 0.10.1 | 119.00 | 207.00 | 326.00 | NOTE |
Version: 0.10.3
Check: package dependencies
Result: NOTE
Depends: includes the non-default packages:
'Cubist', 'Metrics', 'arm', 'brnn', 'broom', 'car', 'caret',
'corrplot', 'doParallel', 'dplyr', 'e1071', 'earth', 'gam', 'gbm',
'ggplot2', 'glmnet', 'gridExtra', 'ipred', 'leaps', 'nnet', 'olsrr',
'parallel', 'pls', 'purrr', 'randomForest', 'reactable',
'reactablefmtr', 'readr', 'rpart', 'tidyr', 'tree', 'xgboost'
Adding so many packages to the search path is excessive and importing
selectively is preferable.
Flavors: r-oldrel-macos-arm64, r-oldrel-macos-x86_64
Version: 0.10.1
Check: package dependencies
Result: NOTE
Depends: includes the non-default packages:
'Cubist', 'Metrics', 'arm', 'brnn', 'broom', 'car', 'caret',
'corrplot', 'doParallel', 'dplyr', 'e1071', 'earth', 'gam', 'gbm',
'ggplot2', 'glmnet', 'gridExtra', 'ipred', 'leaps', 'nnet', 'olsrr',
'parallel', 'pls', 'purrr', 'randomForest', 'reactable',
'reactablefmtr', 'readr', 'rpart', 'tidyr', 'tree', 'xgboost'
Adding so many packages to the search path is excessive and importing
selectively is preferable.
Flavor: r-oldrel-windows-x86_64