Last updated on 2025-11-26 09:51:25 CET.
| Flavor | Version | Tinstall | Tcheck | Ttotal | Status | Flags |
|---|---|---|---|---|---|---|
| r-devel-linux-x86_64-debian-clang | 0.2.0 | 315.87 | 153.61 | 469.48 | NOTE | |
| r-devel-linux-x86_64-debian-gcc | 0.2.0 | 267.10 | 132.51 | 399.61 | NOTE | |
| r-devel-linux-x86_64-fedora-clang | 0.2.0 | 1320.00 | -535.66 | 784.34 | NOTE | |
| r-devel-linux-x86_64-fedora-gcc | 0.2.0 | 960.00 | -13.05 | 946.95 | NOTE | |
| r-devel-windows-x86_64 | 0.2.0 | 367.00 | 196.00 | 563.00 | NOTE | |
| r-patched-linux-x86_64 | 0.2.0 | 363.54 | 178.46 | 542.00 | NOTE | |
| r-release-linux-x86_64 | 0.2.0 | 370.64 | 178.32 | 548.96 | NOTE | |
| r-release-macos-arm64 | 0.2.0 | NOTE | ||||
| r-release-macos-x86_64 | 0.2.0 | 129.00 | 94.00 | 223.00 | NOTE | |
| r-release-windows-x86_64 | 0.2.0 | 363.00 | 219.00 | 582.00 | NOTE | |
| r-oldrel-macos-arm64 | 0.2.0 | NOTE | ||||
| r-oldrel-macos-x86_64 | 0.2.0 | 61.00 | 59.00 | 120.00 | NOTE | |
| r-oldrel-windows-x86_64 | 0.2.0 | 411.00 | 240.00 | 651.00 | NOTE |
Version: 0.2.0
Check: DESCRIPTION meta-information
Result: NOTE
Missing dependency on R >= 4.1.0 because package code uses the pipe
|> or function shorthand \(...) syntax added in R 4.1.0.
File(s) using such syntax:
‘getPrevalence.R’
Flavors: r-devel-linux-x86_64-debian-clang, r-devel-linux-x86_64-debian-gcc, r-devel-linux-x86_64-fedora-clang, r-devel-linux-x86_64-fedora-gcc, r-devel-windows-x86_64, r-patched-linux-x86_64, r-release-linux-x86_64, r-release-macos-arm64, r-release-macos-x86_64, r-release-windows-x86_64
Version: 0.2.0
Check: dependencies in R code
Result: NOTE
Namespaces in Imports field not imported from:
‘RcppParallel’ ‘rstantools’
All declared Imports should be used.
Flavors: r-devel-linux-x86_64-fedora-clang, r-devel-linux-x86_64-fedora-gcc
Version: 0.2.0
Check: installed package size
Result: NOTE
installed size is 63.0Mb
sub-directories of 1Mb or more:
libs 62.6Mb
Flavors: r-oldrel-macos-arm64, r-oldrel-macos-x86_64
Version: 0.2.0
Check: for GNU extensions in Makefiles
Result: NOTE
GNU make is a SystemRequirements.
Flavors: r-oldrel-macos-arm64, r-oldrel-macos-x86_64, r-oldrel-windows-x86_64