Last updated on 2025-11-02 10:50:59 CET.
| Flavor | Version | Tinstall | Tcheck | Ttotal | Status | Flags |
|---|---|---|---|---|---|---|
| r-devel-linux-x86_64-debian-clang | 1.0 | 5.64 | 32.18 | 37.82 | NOTE | |
| r-devel-linux-x86_64-debian-gcc | 1.0 | 3.63 | 23.25 | 26.88 | NOTE | |
| r-devel-linux-x86_64-fedora-clang | 1.0 | 11.00 | 46.27 | 57.27 | OK | |
| r-devel-linux-x86_64-fedora-gcc | 1.0 | 10.00 | 43.20 | 53.20 | OK | |
| r-devel-windows-x86_64 | 1.0 | 6.00 | 48.00 | 54.00 | OK | |
| r-patched-linux-x86_64 | 1.0 | 5.51 | 30.26 | 35.77 | OK | |
| r-release-linux-x86_64 | 1.0 | 4.89 | 30.33 | 35.22 | OK | |
| r-release-macos-arm64 | 1.0 | 2.00 | 18.00 | 20.00 | OK | |
| r-release-macos-x86_64 | 1.0 | 6.00 | 31.00 | 37.00 | OK | |
| r-release-windows-x86_64 | 1.0 | 6.00 | 47.00 | 53.00 | OK | |
| r-oldrel-macos-arm64 | 1.0 | 2.00 | 17.00 | 19.00 | NOTE | |
| r-oldrel-macos-x86_64 | 1.0 | 3.00 | 24.00 | 27.00 | NOTE | |
| r-oldrel-windows-x86_64 | 1.0 | 7.00 | 48.00 | 55.00 | NOTE |
Version: 1.0
Check: CRAN incoming feasibility
Result: NOTE
Maintainer: ‘Busra Sevinc <busra.sevincc@gmail.com>’
No Authors@R field in DESCRIPTION.
Please add one, modifying
Authors@R: c(person(given = "Busra",
family = "Sevinc",
role = c("aut", "cre"),
email = "busra.sevincc@gmail.com"),
person(given = "Bekir",
family = "Cetintav",
role = "aut"),
person(given = "Melek",
family = "Esemen",
role = "aut"),
person(given = "Selma",
family = "Gurler",
role = "aut"))
as necessary.
Flavors: r-devel-linux-x86_64-debian-clang, r-devel-linux-x86_64-debian-gcc
Version: 1.0
Check: LazyData
Result: NOTE
'LazyData' is specified without a 'data' directory
Flavors: r-oldrel-macos-arm64, r-oldrel-macos-x86_64, r-oldrel-windows-x86_64