Last updated on 2025-11-23 12:50:01 CET.
| Flavor | Version | Tinstall | Tcheck | Ttotal | Status | Flags |
|---|---|---|---|---|---|---|
| r-devel-linux-x86_64-debian-clang | 15.0.2-2 | 33.28 | 198.19 | 231.47 | OK | |
| r-devel-linux-x86_64-debian-gcc | 15.2.2-1 | 21.56 | 134.32 | 155.88 | OK | |
| r-devel-linux-x86_64-fedora-clang | 15.2.2-1 | 134.00 | 321.69 | 455.69 | OK | |
| r-devel-windows-x86_64 | 15.0.2-2 | 152.00 | 286.00 | 438.00 | OK | |
| r-patched-linux-x86_64 | 15.0.2-2 | 30.84 | 192.63 | 223.47 | OK | |
| r-release-linux-x86_64 | 15.0.2-2 | 28.51 | 194.11 | 222.62 | OK | |
| r-release-macos-arm64 | 15.2.2-1 | 8.00 | 72.00 | 80.00 | OK | |
| r-release-macos-x86_64 | 15.2.2-1 | 42.00 | 433.00 | 475.00 | OK | |
| r-release-windows-x86_64 | 15.0.2-2 | 123.00 | 270.00 | 393.00 | OK | |
| r-oldrel-macos-arm64 | 15.2.2-1 | 7.00 | 19.00 | 26.00 | ERROR | |
| r-oldrel-macos-x86_64 | 15.2.2-1 | 47.00 | 349.00 | 396.00 | NOTE | |
| r-oldrel-windows-x86_64 | 15.0.2-2 | 86.00 | 326.00 | 412.00 | NOTE |
Version: 15.2.2-1
Check: whether package can be installed
Result: ERROR
Installation failed.
Flavor: r-oldrel-macos-arm64
Version: 15.2.2-1
Check: installed package size
Result: NOTE
installed size is 16.3Mb
sub-directories of 1Mb or more:
include 13.2Mb
libs 2.3Mb
Flavor: r-oldrel-macos-x86_64
Version: 15.0.2-2
Check: installed package size
Result: NOTE
installed size is 15.5Mb
sub-directories of 1Mb or more:
include 13.4Mb
libs 1.2Mb
Flavor: r-oldrel-windows-x86_64