Last updated on 2025-10-31 09:50:27 CET.
| Flavor | Version | Tinstall | Tcheck | Ttotal | Status | Flags | 
|---|---|---|---|---|---|---|
| r-devel-linux-x86_64-debian-clang | 0.4.2 | 1.22 | 108.87 | 110.09 | NOTE | |
| r-devel-linux-x86_64-debian-gcc | 0.4.2 | 0.94 | 74.03 | 74.97 | NOTE | |
| r-devel-linux-x86_64-fedora-clang | 0.4.2 | 181.89 | OK | |||
| r-devel-linux-x86_64-fedora-gcc | 0.4.2 | 162.04 | OK | |||
| r-devel-windows-x86_64 | 0.4.2 | 2.00 | 138.00 | 140.00 | OK | |
| r-patched-linux-x86_64 | 0.4.2 | 1.22 | 101.07 | 102.29 | OK | |
| r-release-linux-x86_64 | 0.4.2 | 1.21 | 99.71 | 100.92 | OK | |
| r-release-macos-arm64 | 0.4.2 | 1.00 | 83.00 | 84.00 | OK | |
| r-release-macos-x86_64 | 0.4.2 | 1.00 | 126.00 | 127.00 | OK | |
| r-release-windows-x86_64 | 0.4.2 | 2.00 | 152.00 | 154.00 | OK | |
| r-oldrel-macos-arm64 | 0.4.2 | 1.00 | 80.00 | 81.00 | OK | |
| r-oldrel-macos-x86_64 | 0.4.2 | 1.00 | 94.00 | 95.00 | OK | |
| r-oldrel-windows-x86_64 | 0.4.2 | 2.00 | 159.00 | 161.00 | OK | 
Version: 0.4.2
Check: CRAN incoming feasibility
Result: NOTE
  Maintainer: ‘Karl Forner <karl.forner@gmail.com>’
  
  No Authors@R field in DESCRIPTION.
  Please add one, modifying
    Authors@R: person(given = "Karl",
                      family = "Forner",
                      role = c("aut", "cre"),
                      email = "karl.forner@gmail.com")
  as necessary.
Flavors: r-devel-linux-x86_64-debian-clang, r-devel-linux-x86_64-debian-gcc