Last updated on 2025-10-31 09:50:32 CET.
| Flavor | Version | Tinstall | Tcheck | Ttotal | Status | Flags | 
|---|---|---|---|---|---|---|
| r-devel-linux-x86_64-debian-clang | 1.0 | 19.98 | 23.25 | 43.23 | NOTE | |
| r-devel-linux-x86_64-debian-gcc | 1.0 | 12.35 | 18.72 | 31.07 | NOTE | |
| r-devel-linux-x86_64-fedora-clang | 1.0 | 37.00 | 40.10 | 77.10 | NOTE | |
| r-devel-linux-x86_64-fedora-gcc | 1.0 | 28.00 | 41.31 | 69.31 | NOTE | |
| r-devel-windows-x86_64 | 1.0 | 26.00 | 57.00 | 83.00 | OK | |
| r-patched-linux-x86_64 | 1.0 | 19.58 | 22.28 | 41.86 | OK | |
| r-release-linux-x86_64 | 1.0 | 19.21 | 22.15 | 41.36 | OK | |
| r-release-macos-arm64 | 1.0 | 9.00 | 18.00 | 27.00 | OK | |
| r-release-macos-x86_64 | 1.0 | 13.00 | 24.00 | 37.00 | OK | |
| r-release-windows-x86_64 | 1.0 | 27.00 | 59.00 | 86.00 | OK | |
| r-oldrel-macos-arm64 | 1.0 | 9.00 | 16.00 | 25.00 | OK | |
| r-oldrel-macos-x86_64 | 1.0 | 11.00 | 22.00 | 33.00 | OK | |
| r-oldrel-windows-x86_64 | 1.0 | 30.00 | 72.00 | 102.00 | OK | 
Version: 1.0
Check: CRAN incoming feasibility
Result: NOTE
  Maintainer: ‘Kendro Vincent <vincent.kendro@gmail.com>’
  
  No Authors@R field in DESCRIPTION.
  Please add one, modifying
    Authors@R: c(person(given = "Yu-Chin",
                        family = "Hsu",
                        role = "aut"),
                 person(given = "Kendro",
                        family = "Vincent",
                        role = c("aut", "cre"),
                        email = "vincent.kendro@gmail.com"))
  as necessary.
Flavors: r-devel-linux-x86_64-debian-clang, r-devel-linux-x86_64-debian-gcc
Version: 1.0
Check: compiled code
Result: NOTE
  File ‘StepwiseTest/libs/StepwiseTest.so’:
    Found no calls to: ‘R_registerRoutines’, ‘R_useDynamicSymbols’
  
  It is good practice to register native routines and to disable symbol
  search.
  
  See ‘Writing portable packages’ in the ‘Writing R Extensions’ manual.
Flavors: r-devel-linux-x86_64-fedora-clang, r-devel-linux-x86_64-fedora-gcc