CRAN Package Check Results for Package SynthTools

Last updated on 2025-11-23 12:50:05 CET.

Flavor Version Tinstall Tcheck Ttotal Status Flags
r-devel-linux-x86_64-debian-clang 1.0.1 2.32 31.59 33.91 OK
r-devel-linux-x86_64-debian-gcc 1.0.1 1.67 24.98 26.65 OK
r-devel-linux-x86_64-fedora-clang 1.0.1 49.04 NOTE
r-devel-windows-x86_64 1.0.1 5.00 53.00 58.00 OK
r-patched-linux-x86_64 1.0.1 2.65 28.83 31.48 OK
r-release-linux-x86_64 1.0.1 2.20 28.48 30.68 OK
r-release-macos-arm64 1.0.1 OK
r-release-macos-x86_64 1.0.1 2.00 30.00 32.00 OK
r-release-windows-x86_64 1.0.1 4.00 132.00 136.00 OK
r-oldrel-macos-arm64 1.0.1 OK
r-oldrel-macos-x86_64 1.0.1 2.00 27.00 29.00 OK
r-oldrel-windows-x86_64 1.0.1 5.00 64.00 69.00 OK

Check Details

Version: 1.0.1
Check: dependencies in R code
Result: NOTE Namespace in Imports field not imported from: ‘utils’ All declared Imports should be used. Flavor: r-devel-linux-x86_64-fedora-clang