Last updated on 2025-11-25 10:50:29 CET.
| Flavor | Version | Tinstall | Tcheck | Ttotal | Status | Flags |
|---|---|---|---|---|---|---|
| r-devel-linux-x86_64-debian-clang | 1.0.1 | 6.44 | 59.73 | 66.17 | OK | |
| r-devel-linux-x86_64-debian-gcc | 1.0.1 | 4.87 | 43.15 | 48.02 | OK | |
| r-devel-linux-x86_64-fedora-clang | 1.0.1 | 16.00 | 88.47 | 104.47 | NOTE | |
| r-devel-linux-x86_64-fedora-gcc | 1.0.1 | 14.00 | 81.06 | 95.06 | NOTE | |
| r-devel-windows-x86_64 | 1.0.1 | 12.00 | 70.00 | 82.00 | OK | |
| r-patched-linux-x86_64 | 1.0.1 | 6.59 | 55.30 | 61.89 | OK | |
| r-release-linux-x86_64 | 1.0.1 | 6.80 | 55.94 | 62.74 | OK | |
| r-release-macos-arm64 | 1.0.1 | OK | ||||
| r-release-macos-x86_64 | 1.0.1 | 5.00 | 37.00 | 42.00 | OK | |
| r-release-windows-x86_64 | 1.0.1 | 8.00 | 80.00 | 88.00 | OK | |
| r-oldrel-macos-arm64 | 1.0.1 | NOTE | ||||
| r-oldrel-macos-x86_64 | 1.0.1 | 4.00 | 33.00 | 37.00 | NOTE | |
| r-oldrel-windows-x86_64 | 1.0.1 | 10.00 | 86.00 | 96.00 | NOTE |
Version: 1.0.1
Check: dependencies in R code
Result: NOTE
Namespace in Imports field not imported from: ‘dplyr’
All declared Imports should be used.
Flavors: r-devel-linux-x86_64-fedora-clang, r-devel-linux-x86_64-fedora-gcc
Version: 1.0.1
Check: LazyData
Result: NOTE
'LazyData' is specified without a 'data' directory
Flavors: r-oldrel-macos-arm64, r-oldrel-macos-x86_64, r-oldrel-windows-x86_64