Last updated on 2025-11-20 11:51:28 CET.
| Flavor | Version | Tinstall | Tcheck | Ttotal | Status | Flags |
|---|---|---|---|---|---|---|
| r-devel-linux-x86_64-debian-clang | 0.9.14 | 9.07 | 94.44 | 103.51 | OK | |
| r-devel-linux-x86_64-debian-gcc | 0.9.14 | 6.41 | 72.16 | 78.57 | OK | |
| r-devel-linux-x86_64-fedora-clang | 0.9.14 | 73.00 | 101.40 | 174.40 | OK | |
| r-devel-linux-x86_64-fedora-gcc | 0.9.14 | 62.00 | 119.82 | 181.82 | OK | |
| r-devel-windows-x86_64 | 0.9.14 | 13.00 | 118.00 | 131.00 | NOTE | |
| r-patched-linux-x86_64 | 0.9.14 | 8.13 | 88.06 | 96.19 | OK | |
| r-release-linux-x86_64 | 0.9.14 | 5.89 | 88.07 | 93.96 | OK | |
| r-release-macos-arm64 | 0.9.14 | OK | ||||
| r-release-macos-x86_64 | 0.9.14 | 11.00 | 90.00 | 101.00 | OK | |
| r-release-windows-x86_64 | 0.9.14 | 11.00 | 117.00 | 128.00 | OK | |
| r-oldrel-macos-arm64 | 0.9.14 | OK | ||||
| r-oldrel-macos-x86_64 | 0.9.14 | 7.00 | 88.00 | 95.00 | OK | |
| r-oldrel-windows-x86_64 | 0.9.14 | 14.00 | 141.00 | 155.00 | OK |
Version: 0.9.14
Check: Rd files
Result: NOTE
checkRd: (-1) logFileRead.Rd:22-44: Only 4 columns allowed in this table (row 1 has 3)
checkRd: (-1) logFileRead.Rd:22-44: Only 4 columns allowed in this table (row 2 has 3)
checkRd: (-1) logFileRead.Rd:22-44: Only 4 columns allowed in this table (row 3 has 3)
checkRd: (-1) logFileRead.Rd:22-44: Only 4 columns allowed in this table (row 4 has 3)
checkRd: (-1) logFileRead.Rd:22-44: Only 4 columns allowed in this table (row 5 has 3)
checkRd: (-1) logFileRead.Rd:22-44: Only 4 columns allowed in this table (row 6 has 3)
checkRd: (-1) logFileRead.Rd:22-44: Only 4 columns allowed in this table (row 7 has 3)
checkRd: (-1) logFileRead.Rd:22-44: Only 4 columns allowed in this table (row 8 has 3)
checkRd: (-1) logFileRead.Rd:22-44: Only 4 columns allowed in this table (row 9 has 3)
checkRd: (-1) logFileRead.Rd:22-44: Only 4 columns allowed in this table (row 10 has 3)
checkRd: (-1) logFileRead.Rd:22-44: Only 4 columns allowed in this table (row 11 has 3)
checkRd: (-1) logFileRead.Rd:22-44: Only 4 columns allowed in this table (row 12 has 3)
checkRd: (-1) logFileRead.Rd:22-44: Only 4 columns allowed in this table (row 13 has 3)
checkRd: (-1) logFileRead.Rd:22-44: Only 4 columns allowed in this table (row 14 has 3)
checkRd: (-1) logFileRead.Rd:22-44: Only 4 columns allowed in this table (row 15 has 3)
checkRd: (-1) logFileRead.Rd:22-44: Only 4 columns allowed in this table (row 16 has 3)
checkRd: (-1) logFileRead.Rd:22-44: Only 4 columns allowed in this table (row 17 has 3)
checkRd: (-1) logFileRead.Rd:22-44: Only 4 columns allowed in this table (row 18 has 3)
checkRd: (-1) logFileRead.Rd:22-44: Only 4 columns allowed in this table (row 19 has 3)
checkRd: (-1) logFileRead.Rd:22-44: Only 4 columns allowed in this table (row 20 has 3)
checkRd: (-1) logFileRead.Rd:22-44: Only 4 columns allowed in this table (row 21 has 3)
Flavor: r-devel-windows-x86_64