CRAN Package Check Results for Package YieldCurve

Last updated on 2025-11-23 12:50:08 CET.

Flavor Version Tinstall Tcheck Ttotal Status Flags
r-devel-linux-x86_64-debian-clang 5.1 2.13 33.90 36.03 NOTE
r-devel-linux-x86_64-debian-gcc 5.1 1.78 25.75 27.53 NOTE
r-devel-linux-x86_64-fedora-clang 5.1 53.47 OK
r-devel-windows-x86_64 5.1 5.00 54.00 59.00 OK
r-patched-linux-x86_64 5.1 2.17 32.11 34.28 OK
r-release-linux-x86_64 5.1 2.00 32.60 34.60 OK
r-release-macos-arm64 5.1 OK
r-release-macos-x86_64 5.1 3.00 44.00 47.00 OK
r-release-windows-x86_64 5.1 4.00 66.00 70.00 OK
r-oldrel-macos-arm64 5.1 OK
r-oldrel-macos-x86_64 5.1 2.00 31.00 33.00 OK
r-oldrel-windows-x86_64 5.1 4.00 64.00 68.00 OK

Check Details

Version: 5.1
Check: CRAN incoming feasibility
Result: NOTE Maintainer: ‘Sergio Salvino Guirreri <sergioguirreri@gmail.com>’ No Authors@R field in DESCRIPTION. Please add one, modifying Authors@R: person(given = c("Sergio", "Salvino"), family = "Guirreri", role = c("aut", "cre"), email = "sergioguirreri@gmail.com") as necessary. Package CITATION file contains call(s) to old-style personList() or as.personList(). Please use c() on person objects instead. Package CITATION file contains call(s) to old-style citEntry(). Please use bibentry() instead. Flavors: r-devel-linux-x86_64-debian-clang, r-devel-linux-x86_64-debian-gcc