Last updated on 2025-10-31 09:50:10 CET.
| Flavor | Version | Tinstall | Tcheck | Ttotal | Status | Flags | 
|---|---|---|---|---|---|---|
| r-devel-linux-x86_64-debian-clang | 1.0.0 | 2.36 | 26.22 | 28.58 | NOTE | |
| r-devel-linux-x86_64-debian-gcc | 1.0.0 | 1.70 | 20.68 | 22.38 | NOTE | |
| r-devel-linux-x86_64-fedora-clang | 1.0.0 | 41.91 | OK | |||
| r-devel-linux-x86_64-fedora-gcc | 1.0.0 | 39.79 | OK | |||
| r-devel-windows-x86_64 | 1.0.0 | 3.00 | 43.00 | 46.00 | OK | |
| r-patched-linux-x86_64 | 1.0.0 | 1.96 | 24.79 | 26.75 | OK | |
| r-release-linux-x86_64 | 1.0.0 | 1.72 | 24.34 | 26.06 | OK | |
| r-release-macos-arm64 | 1.0.0 | 1.00 | 18.00 | 19.00 | OK | |
| r-release-macos-x86_64 | 1.0.0 | 2.00 | 26.00 | 28.00 | OK | |
| r-release-windows-x86_64 | 1.0.0 | 5.00 | 45.00 | 50.00 | OK | |
| r-oldrel-macos-arm64 | 1.0.0 | 1.00 | 21.00 | 22.00 | NOTE | |
| r-oldrel-macos-x86_64 | 1.0.0 | 2.00 | 22.00 | 24.00 | NOTE | |
| r-oldrel-windows-x86_64 | 1.0.0 | 3.00 | 51.00 | 54.00 | NOTE | 
Version: 1.0.0
Check: CRAN incoming feasibility
Result: NOTE
  Maintainer: ‘Higor Cotta <cotta.higor@gmail.com>’
  
  No Authors@R field in DESCRIPTION.
  Please add one, modifying
    Authors@R: c(person(given = "Higor",
                        family = "Cotta",
                        role = c("aut", "cre"),
                        email = "cotta.higor@gmail.com"),
                 person(given = "Valderio",
                        family = "Reisen",
                        role = "aut"),
                 person(given = "Pascal",
                        family = "Bondon",
                        role = "aut"),
                 person(given = "Céline",
                        family = "Lévy-Leduc",
                        role = "aut"))
  as necessary.
Flavors: r-devel-linux-x86_64-debian-clang, r-devel-linux-x86_64-debian-gcc
Version: 1.0.0
Check: LazyData
Result: NOTE
    'LazyData' is specified without a 'data' directory
Flavors: r-oldrel-macos-arm64, r-oldrel-macos-x86_64, r-oldrel-windows-x86_64