Last updated on 2025-10-31 09:50:11 CET.
| Flavor | Version | Tinstall | Tcheck | Ttotal | Status | Flags | 
|---|---|---|---|---|---|---|
| r-devel-linux-x86_64-debian-clang | 1.1-5 | 2.00 | 19.76 | 21.76 | NOTE | |
| r-devel-linux-x86_64-debian-gcc | 1.1-5 | 1.42 | 15.95 | 17.37 | NOTE | |
| r-devel-linux-x86_64-fedora-clang | 1.1-5 | 31.84 | OK | |||
| r-devel-linux-x86_64-fedora-gcc | 1.1-5 | 30.34 | OK | |||
| r-devel-windows-x86_64 | 1.1-5 | 3.00 | 38.00 | 41.00 | OK | |
| r-patched-linux-x86_64 | 1.1-5 | 1.91 | 18.48 | 20.39 | OK | |
| r-release-linux-x86_64 | 1.1-5 | 1.92 | 18.95 | 20.87 | OK | |
| r-release-macos-arm64 | 1.1-5 | 1.00 | 14.00 | 15.00 | OK | |
| r-release-macos-x86_64 | 1.1-5 | 2.00 | 22.00 | 24.00 | OK | |
| r-release-windows-x86_64 | 1.1-5 | 2.00 | 41.00 | 43.00 | OK | |
| r-oldrel-macos-arm64 | 1.1-5 | 1.00 | 19.00 | 20.00 | OK | |
| r-oldrel-macos-x86_64 | 1.1-5 | 2.00 | 17.00 | 19.00 | OK | |
| r-oldrel-windows-x86_64 | 1.1-5 | 2.00 | 38.00 | 40.00 | OK | 
Version: 1.1-5
Check: CRAN incoming feasibility
Result: NOTE
  Maintainer: ‘Thomas Hoffmann <tjhoffm@gmail.com>’
  
  No Authors@R field in DESCRIPTION.
  Please add one, modifying
    Authors@R: person(given = "Thomas",
                      family = "Hoffmann",
                      role = c("aut", "cre"),
                      email = "tjhoffm@gmail.com")
  as necessary.
  
  Package CITATION file contains call(s) to old-style personList() or
  as.personList().  Please use c() on person objects instead.
  Package CITATION file contains call(s) to old-style citEntry().  Please
  use bibentry() instead.
Flavors: r-devel-linux-x86_64-debian-clang, r-devel-linux-x86_64-debian-gcc