Last updated on 2025-11-22 09:49:47 CET.
| Flavor | Version | Tinstall | Tcheck | Ttotal | Status | Flags |
|---|---|---|---|---|---|---|
| r-devel-linux-x86_64-debian-clang | 2.4 | 5.52 | 32.73 | 38.25 | NOTE | |
| r-devel-linux-x86_64-debian-gcc | 2.4 | 3.85 | 23.74 | 27.59 | NOTE | |
| r-devel-linux-x86_64-fedora-clang | 2.4 | 56.91 | OK | |||
| r-devel-windows-x86_64 | 2.4 | 9.00 | 55.00 | 64.00 | OK | |
| r-patched-linux-x86_64 | 2.4 | 4.98 | 28.24 | 33.22 | OK | |
| r-release-linux-x86_64 | 2.4 | 4.94 | 28.06 | 33.00 | OK | |
| r-release-macos-arm64 | 2.4 | OK | ||||
| r-release-macos-x86_64 | 2.4 | 5.00 | 32.00 | 37.00 | OK | |
| r-release-windows-x86_64 | 2.4 | 9.00 | 54.00 | 63.00 | OK | |
| r-oldrel-macos-arm64 | 2.4 | OK | ||||
| r-oldrel-macos-x86_64 | 2.4 | 5.00 | 25.00 | 30.00 | OK | |
| r-oldrel-windows-x86_64 | 2.4 | 8.00 | 54.00 | 62.00 | OK |
Version: 2.4
Check: CRAN incoming feasibility
Result: NOTE
Maintainer: ‘Dries F. Benoit <Dries.Benoit@UGent.be>’
No Authors@R field in DESCRIPTION.
Please add one, modifying
Authors@R: c(person(given = c("Dries", "F."),
family = "Benoit",
role = c("aut", "cre"),
email = "dries.benoit@ugent.be"),
person(given = "Rahim",
family = "Al-Hamzawi",
role = "aut"),
person(given = "Keming",
family = "Yu",
role = "aut"),
person(given = "Dirk",
family = "Van den Poel",
role = "aut"))
as necessary.
Flavors: r-devel-linux-x86_64-debian-clang, r-devel-linux-x86_64-debian-gcc