Last updated on 2025-11-02 10:50:36 CET.
| Flavor | Version | Tinstall | Tcheck | Ttotal | Status | Flags |
|---|---|---|---|---|---|---|
| r-devel-linux-x86_64-debian-clang | 3.8 | 122.88 | 108.44 | 231.32 | OK | |
| r-devel-linux-x86_64-debian-gcc | 3.8 | 80.22 | 74.23 | 154.45 | OK | |
| r-devel-linux-x86_64-fedora-clang | 3.8 | 441.00 | 53.74 | 494.74 | OK | |
| r-devel-linux-x86_64-fedora-gcc | 3.8 | 289.00 | 91.18 | 380.18 | OK | |
| r-devel-windows-x86_64 | 3.8 | 158.00 | 140.00 | 298.00 | OK | |
| r-patched-linux-x86_64 | 3.8 | 118.55 | 104.18 | 222.73 | OK | |
| r-release-linux-x86_64 | 3.8 | 118.28 | 105.17 | 223.45 | OK | |
| r-release-macos-arm64 | 3.8 | 51.00 | 48.00 | 99.00 | OK | |
| r-release-macos-x86_64 | 3.8 | 48.00 | 93.00 | 141.00 | OK | |
| r-release-windows-x86_64 | 3.8 | 160.00 | 139.00 | 299.00 | OK | |
| r-oldrel-macos-arm64 | 3.8 | 42.00 | 42.00 | 84.00 | NOTE | |
| r-oldrel-macos-x86_64 | 3.8 | 41.00 | 80.00 | 121.00 | NOTE | |
| r-oldrel-windows-x86_64 | 3.8 | 186.00 | 180.00 | 366.00 | OK |
Version: 3.8
Check: installed package size
Result: NOTE
installed size is 5.9Mb
sub-directories of 1Mb or more:
libs 4.7Mb
Flavors: r-oldrel-macos-arm64, r-oldrel-macos-x86_64