Last updated on 2025-11-27 11:49:56 CET.
| Flavor | Version | Tinstall | Tcheck | Ttotal | Status | Flags |
|---|---|---|---|---|---|---|
| r-devel-linux-x86_64-debian-clang | 7.4-4 | 18.28 | 113.83 | 132.11 | OK | |
| r-devel-linux-x86_64-debian-gcc | 7.4-4 | 11.61 | 75.42 | 87.03 | OK | |
| r-devel-linux-x86_64-fedora-clang | 7.4-4 | 46.00 | 159.47 | 205.47 | OK | |
| r-devel-linux-x86_64-fedora-gcc | 7.4-4 | 38.00 | 152.28 | 190.28 | OK | |
| r-devel-windows-x86_64 | 7.4-4 | 32.00 | 115.00 | 147.00 | OK | |
| r-patched-linux-x86_64 | 7.4-4 | 18.57 | 102.50 | 121.07 | OK | |
| r-release-linux-x86_64 | 7.4-4 | 16.41 | 104.06 | 120.47 | OK | |
| r-release-macos-arm64 | 7.4-4 | OK | ||||
| r-release-macos-x86_64 | 7.4-4 | 16.00 | 87.00 | 103.00 | OK | |
| r-release-windows-x86_64 | 7.4-4 | 38.00 | 112.00 | 150.00 | OK | |
| r-oldrel-macos-arm64 | 7.4-4 | NOTE | ||||
| r-oldrel-macos-x86_64 | 7.4-4 | 25.00 | 104.00 | 129.00 | NOTE | |
| r-oldrel-windows-x86_64 | 7.4-4 | 30.00 | 154.00 | 184.00 | OK |
Version: 7.4-4
Check: installed package size
Result: NOTE
installed size is 5.8Mb
sub-directories of 1Mb or more:
ex-data 4.6Mb
Flavors: r-oldrel-macos-arm64, r-oldrel-macos-x86_64