Last updated on 2025-10-31 09:50:11 CET.
| Flavor | Version | Tinstall | Tcheck | Ttotal | Status | Flags | 
|---|---|---|---|---|---|---|
| r-devel-linux-x86_64-debian-clang | 0.0.5 | 128.99 | 114.67 | 243.66 | OK | |
| r-devel-linux-x86_64-debian-gcc | 0.0.5 | 113.45 | 95.31 | 208.76 | OK | |
| r-devel-linux-x86_64-fedora-clang | 0.0.5 | 265.00 | 109.51 | 374.51 | OK | |
| r-devel-linux-x86_64-fedora-gcc | 0.0.5 | 360.00 | 83.51 | 443.51 | OK | |
| r-devel-windows-x86_64 | 0.0.5 | 143.00 | 137.00 | 280.00 | OK | |
| r-patched-linux-x86_64 | 0.0.5 | 141.11 | 123.80 | 264.91 | OK | |
| r-release-linux-x86_64 | 0.0.5 | 154.71 | 122.85 | 277.56 | OK | |
| r-release-macos-arm64 | 0.0.5 | 51.00 | 41.00 | 92.00 | OK | |
| r-release-macos-x86_64 | 0.0.5 | 131.00 | 69.00 | 200.00 | OK | |
| r-release-windows-x86_64 | 0.0.5 | 154.00 | 137.00 | 291.00 | OK | |
| r-oldrel-macos-arm64 | 0.0.5 | 52.00 | 40.00 | 92.00 | NOTE | |
| r-oldrel-macos-x86_64 | 0.0.5 | 85.00 | 55.00 | 140.00 | NOTE | |
| r-oldrel-windows-x86_64 | 0.0.5 | 162.00 | 173.00 | 335.00 | NOTE | 
Version: 0.0.5
Check: installed package size
Result: NOTE
    installed size is 39.3Mb
    sub-directories of 1Mb or more:
      libs  39.1Mb
Flavors: r-oldrel-macos-arm64, r-oldrel-macos-x86_64
Version: 0.0.5
Check: for GNU extensions in Makefiles
Result: NOTE
  GNU make is a SystemRequirements.
Flavors: r-oldrel-macos-arm64, r-oldrel-macos-x86_64, r-oldrel-windows-x86_64