Last updated on 2025-11-02 10:50:38 CET.
| Flavor | Version | Tinstall | Tcheck | Ttotal | Status | Flags |
|---|---|---|---|---|---|---|
| r-devel-linux-x86_64-debian-clang | 1.2.6 | 14.03 | 530.34 | 544.37 | OK | |
| r-devel-linux-x86_64-debian-gcc | 1.2.6 | 9.46 | 385.68 | 395.14 | OK | |
| r-devel-linux-x86_64-fedora-clang | 1.2.6 | 32.00 | 768.47 | 800.47 | OK | |
| r-devel-linux-x86_64-fedora-gcc | 1.2.6 | 31.00 | 822.30 | 853.30 | OK | |
| r-devel-windows-x86_64 | 1.2.6 | 17.00 | 522.00 | 539.00 | OK | |
| r-patched-linux-x86_64 | 1.2.6 | 12.37 | 552.36 | 564.73 | OK | |
| r-release-linux-x86_64 | 1.2.6 | 12.51 | 556.42 | 568.93 | OK | |
| r-release-macos-arm64 | 1.2.6 | 6.00 | 324.00 | 330.00 | OK | |
| r-release-macos-x86_64 | 1.2.6 | 12.00 | 630.00 | 642.00 | OK | |
| r-release-windows-x86_64 | 1.2.6 | 16.00 | 396.00 | 412.00 | ERROR | |
| r-oldrel-macos-arm64 | 1.2.6 | 6.00 | 333.00 | 339.00 | OK | |
| r-oldrel-macos-x86_64 | 1.2.6 | 11.00 | 605.00 | 616.00 | OK | |
| r-oldrel-windows-x86_64 | 1.2.6 | 21.00 | 667.00 | 688.00 | OK |
Version: 1.2.6
Check: re-building of vignette outputs
Result: ERROR
Error(s) in re-building vignettes:
--- re-building 'Discriminant_analysis_examples.Rmd' using rmarkdown
Quitting from Discriminant_analysis_examples.Rmd:387-399 [unnamed-chunk-35]
~~~~~~~~~~~~~~~~~~~~~~~~~~~~~~~~~~~~~~~~~~~~~~~~~~~~~~~~~~~~~~~~~~~~~~~~~~~~~~~~
<error/rlang_error>
Error in `load()`:
! cannot open the connection to 'https://wis.kuleuven.be/statdatascience/robust/data/mnist-rdata'
---
Backtrace:
▆
1. └─base::load(mnist_url)
~~~~~~~~~~~~~~~~~~~~~~~~~~~~~~~~~~~~~~~~~~~~~~~~~~~~~~~~~~~~~~~~~~~~~~~~~~~~~~~~
Error: processing vignette 'Discriminant_analysis_examples.Rmd' failed with diagnostics:
cannot open the connection to 'https://wis.kuleuven.be/statdatascience/robust/data/mnist-rdata'
--- failed re-building 'Discriminant_analysis_examples.Rmd'
--- re-building 'K_nearest_neighbors_examples.Rmd' using rmarkdown
--- finished re-building 'K_nearest_neighbors_examples.Rmd'
--- re-building 'Neural_net_examples.Rmd' using rmarkdown
--- finished re-building 'Neural_net_examples.Rmd'
--- re-building 'Random_forest_examples.Rmd' using rmarkdown
--- finished re-building 'Random_forest_examples.Rmd'
--- re-building 'Rpart_examples.Rmd' using rmarkdown
--- finished re-building 'Rpart_examples.Rmd'
--- re-building 'Support_vector_machine_examples.Rmd' using rmarkdown
--- finished re-building 'Support_vector_machine_examples.Rmd'
--- re-building 'predsplot_examples.Rmd' using rmarkdown
--- finished re-building 'predsplot_examples.Rmd'
SUMMARY: processing the following file failed:
'Discriminant_analysis_examples.Rmd'
Error: Vignette re-building failed.
Execution halted
Flavor: r-release-windows-x86_64