CRAN Package Check Results for Package colorednoise

Last updated on 2025-10-22 09:50:29 CEST.

Flavor Version Tinstall Tcheck Ttotal Status Flags
r-devel-linux-x86_64-debian-clang 1.1.2 32.28 231.31 263.59 NOTE
r-devel-linux-x86_64-debian-gcc 1.1.2 21.27 155.82 177.09 NOTE
r-devel-linux-x86_64-fedora-clang 1.1.2 46.00 277.59 323.59 NOTE
r-devel-linux-x86_64-fedora-gcc 1.1.2 50.00 345.57 395.57 NOTE
r-devel-windows-x86_64 1.1.2 39.00 256.00 295.00 NOTE
r-patched-linux-x86_64 1.1.2 30.23 209.06 239.29 NOTE
r-release-linux-x86_64 1.1.2 31.77 205.72 237.49 NOTE
r-release-macos-arm64 1.1.2 14.00 173.00 187.00 NOTE
r-release-macos-x86_64 1.1.2 16.00 290.00 306.00 NOTE
r-release-windows-x86_64 1.1.2 39.00 246.00 285.00 NOTE
r-oldrel-macos-arm64 1.1.2 11.00 140.00 151.00 OK
r-oldrel-macos-x86_64 1.1.2 14.00 184.00 198.00 OK
r-oldrel-windows-x86_64 1.1.2 46.00 312.00 358.00 OK

Check Details

Version: 1.1.2
Check: DESCRIPTION meta-information
Result: NOTE Missing dependency on R >= 4.1.0 because package code uses the pipe |> or function shorthand \(...) syntax added in R 4.1.0. File(s) using such syntax: ‘simulate_populations.R’ Flavors: r-devel-linux-x86_64-debian-clang, r-devel-linux-x86_64-debian-gcc, r-devel-linux-x86_64-fedora-clang, r-devel-linux-x86_64-fedora-gcc, r-devel-windows-x86_64, r-patched-linux-x86_64, r-release-linux-x86_64, r-release-macos-arm64, r-release-macos-x86_64, r-release-windows-x86_64