Last updated on 2025-11-23 12:49:45 CET.
| Flavor | Version | Tinstall | Tcheck | Ttotal | Status | Flags |
|---|---|---|---|---|---|---|
| r-devel-linux-x86_64-debian-clang | 0.1.0 | 4.74 | 39.80 | 44.54 | OK | |
| r-devel-linux-x86_64-debian-gcc | 0.1.0 | 3.55 | 29.58 | 33.13 | OK | |
| r-devel-linux-x86_64-fedora-clang | 0.1.0 | 12.00 | 55.37 | 67.37 | OK | |
| r-devel-windows-x86_64 | 0.1.0 | 9.00 | 53.00 | 62.00 | OK | |
| r-patched-linux-x86_64 | 0.1.0 | 4.15 | 37.20 | 41.35 | OK | |
| r-release-linux-x86_64 | 0.1.0 | 5.23 | 36.79 | 42.02 | OK | |
| r-release-macos-arm64 | 0.1.0 | OK | ||||
| r-release-macos-x86_64 | 0.1.0 | 4.00 | 35.00 | 39.00 | OK | |
| r-release-windows-x86_64 | 0.1.0 | 7.00 | 60.00 | 67.00 | OK | |
| r-oldrel-macos-arm64 | 0.1.0 | NOTE | ||||
| r-oldrel-macos-x86_64 | 0.1.0 | 4.00 | 29.00 | 33.00 | NOTE | |
| r-oldrel-windows-x86_64 | 0.1.0 | 9.00 | 62.00 | 71.00 | NOTE |
Version: 0.1.0
Check: LazyData
Result: NOTE
'LazyData' is specified without a 'data' directory
Flavors: r-oldrel-macos-arm64, r-oldrel-macos-x86_64, r-oldrel-windows-x86_64