Last updated on 2025-10-31 09:50:14 CET.
| Flavor | Version | Tinstall | Tcheck | Ttotal | Status | Flags | 
|---|---|---|---|---|---|---|
| r-devel-linux-x86_64-debian-clang | 0.2.0 | 13.48 | 190.72 | 204.20 | OK | |
| r-devel-linux-x86_64-debian-gcc | 0.2.0 | 10.25 | 136.91 | 147.16 | OK | |
| r-devel-linux-x86_64-fedora-clang | 0.2.0 | 35.00 | 274.13 | 309.13 | NOTE | |
| r-devel-linux-x86_64-fedora-gcc | 0.2.0 | 37.00 | 271.86 | 308.86 | NOTE | |
| r-devel-windows-x86_64 | 0.2.0 | 17.00 | 186.00 | 203.00 | OK | |
| r-patched-linux-x86_64 | 0.2.0 | 16.04 | 181.35 | 197.39 | OK | |
| r-release-linux-x86_64 | 0.2.0 | 14.21 | 183.40 | 197.61 | OK | |
| r-release-macos-arm64 | 0.2.0 | 6.00 | 74.00 | 80.00 | OK | |
| r-release-macos-x86_64 | 0.2.0 | 18.00 | 190.00 | 208.00 | OK | |
| r-release-windows-x86_64 | 0.2.0 | 18.00 | 189.00 | 207.00 | OK | |
| r-oldrel-macos-arm64 | 0.2.0 | 6.00 | 82.00 | 88.00 | OK | |
| r-oldrel-macos-x86_64 | 0.2.0 | 12.00 | 160.00 | 172.00 | OK | |
| r-oldrel-windows-x86_64 | 0.2.0 | 24.00 | 257.00 | 281.00 | OK | 
Version: 0.2.0
Check: dependencies in R code
Result: NOTE
  Namespace in Imports field not imported from: ‘utils’
    All declared Imports should be used.
Flavors: r-devel-linux-x86_64-fedora-clang, r-devel-linux-x86_64-fedora-gcc