Last updated on 2025-10-30 09:49:47 CET.
| Flavor | Version | Tinstall | Tcheck | Ttotal | Status | Flags | 
|---|---|---|---|---|---|---|
| r-devel-linux-x86_64-debian-clang | 0.1.2 | 2.48 | 32.30 | 34.78 | OK | |
| r-devel-linux-x86_64-debian-gcc | 0.1.2 | 2.07 | 26.10 | 28.17 | OK | |
| r-devel-linux-x86_64-fedora-clang | 0.1.2 | 50.32 | OK | |||
| r-devel-linux-x86_64-fedora-gcc | 0.1.2 | 48.40 | OK | |||
| r-devel-windows-x86_64 | 0.1.2 | 4.00 | 55.00 | 59.00 | OK | |
| r-patched-linux-x86_64 | 0.1.2 | 2.61 | 29.37 | 31.98 | OK | |
| r-release-linux-x86_64 | 0.1.2 | 2.48 | 29.74 | 32.22 | OK | |
| r-release-macos-arm64 | 0.1.2 | 2.00 | 19.00 | 21.00 | OK | |
| r-release-macos-x86_64 | 0.1.2 | 2.00 | 34.00 | 36.00 | OK | |
| r-release-windows-x86_64 | 0.1.2 | 6.00 | 55.00 | 61.00 | OK | |
| r-oldrel-macos-arm64 | 0.1.2 | 2.00 | 19.00 | 21.00 | NOTE | |
| r-oldrel-macos-x86_64 | 0.1.2 | 2.00 | 34.00 | 36.00 | NOTE | |
| r-oldrel-windows-x86_64 | 0.1.2 | 7.00 | 62.00 | 69.00 | NOTE | 
Version: 0.1.2
Check: LazyData
Result: NOTE
    'LazyData' is specified without a 'data' directory
Flavors: r-oldrel-macos-arm64, r-oldrel-macos-x86_64, r-oldrel-windows-x86_64