Last updated on 2025-10-31 09:50:14 CET.
| Flavor | Version | Tinstall | Tcheck | Ttotal | Status | Flags | 
|---|---|---|---|---|---|---|
| r-devel-linux-x86_64-debian-clang | 0.1.5 | 4.02 | 79.84 | 83.86 | NOTE | |
| r-devel-linux-x86_64-debian-gcc | 0.1.5 | 2.65 | 56.44 | 59.09 | NOTE | |
| r-devel-linux-x86_64-fedora-clang | 0.1.5 | 122.20 | OK | |||
| r-devel-linux-x86_64-fedora-gcc | 0.1.5 | 127.81 | OK | |||
| r-devel-windows-x86_64 | 0.1.5 | 7.00 | 92.00 | 99.00 | OK | |
| r-patched-linux-x86_64 | 0.1.5 | 4.77 | 72.02 | 76.79 | OK | |
| r-release-linux-x86_64 | 0.1.5 | 4.22 | 71.78 | 76.00 | OK | |
| r-release-macos-arm64 | 0.1.5 | 2.00 | 49.00 | 51.00 | OK | |
| r-release-macos-x86_64 | 0.1.5 | 3.00 | 88.00 | 91.00 | OK | |
| r-release-windows-x86_64 | 0.1.5 | 8.00 | 98.00 | 106.00 | OK | |
| r-oldrel-macos-arm64 | 0.1.5 | 2.00 | 35.00 | 37.00 | OK | |
| r-oldrel-macos-x86_64 | 0.1.5 | 4.00 | 56.00 | 60.00 | OK | |
| r-oldrel-windows-x86_64 | 0.1.5 | 9.00 | 117.00 | 126.00 | OK | 
Version: 0.1.5
Check: CRAN incoming feasibility
Result: NOTE
  Maintainer: ‘Chun-Sheng Liang <liangchunsheng@lzu.edu.cn>’
  
  No Authors@R field in DESCRIPTION.
  Please add one, modifying
    Authors@R: c(person(given = "Chun-Sheng",
                        family = "Liang",
                        role = c("aut", "cre"),
                        email = "liangchunsheng@lzu.edu.cn"),
                 person(given = "Hao",
                        family = "Wu",
                        role = "aut"),
                 person(given = "Hai-Yan",
                        family = "Li",
                        role = "aut"),
                 person(given = "Qiang",
                        family = "Zhang",
                        role = "aut"),
                 person(given = "Zhanqing",
                        family = "Li",
                        role = "aut"),
                 person(given = "Ke-Bin",
                        family = "He",
                        role = "aut"),
                 person(given = "Lanzhou",
                        family = "University",
                        role = "aut"),
                 person(given = "Tsinghua",
                        family = "University",
                        role = "aut"))
  as necessary.
Flavors: r-devel-linux-x86_64-debian-clang, r-devel-linux-x86_64-debian-gcc