Last updated on 2025-10-31 09:50:14 CET.
| Flavor | Version | Tinstall | Tcheck | Ttotal | Status | Flags | 
|---|---|---|---|---|---|---|
| r-devel-linux-x86_64-debian-clang | 0.1.0 | 2.63 | 27.91 | 30.54 | NOTE | |
| r-devel-linux-x86_64-debian-gcc | 0.1.0 | 2.01 | 21.73 | 23.74 | NOTE | |
| r-devel-linux-x86_64-fedora-clang | 0.1.0 | 46.86 | NOTE | |||
| r-devel-linux-x86_64-fedora-gcc | 0.1.0 | 43.46 | NOTE | |||
| r-devel-windows-x86_64 | 0.1.0 | 3.00 | 45.00 | 48.00 | OK | |
| r-patched-linux-x86_64 | 0.1.0 | 2.58 | 26.11 | 28.69 | OK | |
| r-release-linux-x86_64 | 0.1.0 | 2.77 | 26.27 | 29.04 | OK | |
| r-release-macos-arm64 | 0.1.0 | 1.00 | 20.00 | 21.00 | OK | |
| r-release-macos-x86_64 | 0.1.0 | 4.00 | 39.00 | 43.00 | OK | |
| r-release-windows-x86_64 | 0.1.0 | 5.00 | 48.00 | 53.00 | OK | |
| r-oldrel-macos-arm64 | 0.1.0 | 1.00 | 18.00 | 19.00 | NOTE | |
| r-oldrel-macos-x86_64 | 0.1.0 | 2.00 | 26.00 | 28.00 | NOTE | |
| r-oldrel-windows-x86_64 | 0.1.0 | 5.00 | 51.00 | 56.00 | NOTE | 
Version: 0.1.0
Check: CRAN incoming feasibility
Result: NOTE
  Maintainer: ‘Timothy Conwell <timconwell@gmail.com>’
  
  No Authors@R field in DESCRIPTION.
  Please add one, modifying
    Authors@R: person(given = "Timothy",
                      family = "Conwell",
                      role = c("aut", "cre"),
                      email = "timconwell@gmail.com")
  as necessary.
Flavors: r-devel-linux-x86_64-debian-clang, r-devel-linux-x86_64-debian-gcc
Version: 0.1.0
Check: dependencies in R code
Result: NOTE
  Namespace in Imports field not imported from: ‘html5’
    All declared Imports should be used.
Flavors: r-devel-linux-x86_64-fedora-clang, r-devel-linux-x86_64-fedora-gcc
Version: 0.1.0
Check: LazyData
Result: NOTE
    'LazyData' is specified without a 'data' directory
Flavors: r-oldrel-macos-arm64, r-oldrel-macos-x86_64, r-oldrel-windows-x86_64