Last updated on 2025-10-31 09:50:15 CET.
| Flavor | Version | Tinstall | Tcheck | Ttotal | Status | Flags | 
|---|---|---|---|---|---|---|
| r-devel-linux-x86_64-debian-clang | 0.2.3 | 1.75 | 22.58 | 24.33 | NOTE | |
| r-devel-linux-x86_64-debian-gcc | 0.2.3 | 1.46 | 18.61 | 20.07 | NOTE | |
| r-devel-linux-x86_64-fedora-clang | 0.2.3 | 34.52 | OK | |||
| r-devel-linux-x86_64-fedora-gcc | 0.2.3 | 33.17 | OK | |||
| r-devel-windows-x86_64 | 0.2.3 | 4.00 | 41.00 | 45.00 | OK | |
| r-patched-linux-x86_64 | 0.2.3 | 1.95 | 20.61 | 22.56 | OK | |
| r-release-linux-x86_64 | 0.2.3 | 1.61 | 20.38 | 21.99 | OK | |
| r-release-macos-arm64 | 0.2.3 | 1.00 | 19.00 | 20.00 | OK | |
| r-release-macos-x86_64 | 0.2.3 | 3.00 | 34.00 | 37.00 | OK | |
| r-release-windows-x86_64 | 0.2.3 | 3.00 | 49.00 | 52.00 | OK | |
| r-oldrel-macos-arm64 | 0.2.3 | 1.00 | 19.00 | 20.00 | OK | |
| r-oldrel-macos-x86_64 | 0.2.3 | 2.00 | 20.00 | 22.00 | OK | |
| r-oldrel-windows-x86_64 | 0.2.3 | 3.00 | 47.00 | 50.00 | OK | 
Version: 0.2.3
Check: CRAN incoming feasibility
Result: NOTE
  Maintainer: ‘Gregory Jefferis <jefferis@gmail.com>’
  
  Found the following \keyword or \concept entries
  which likely give several index terms:
    File ‘dendroextras-package.Rd’:
      \keyword{package,}
Flavors: r-devel-linux-x86_64-debian-clang, r-devel-linux-x86_64-debian-gcc