Last updated on 2025-11-14 09:50:01 CET.
| Flavor | Version | Tinstall | Tcheck | Ttotal | Status | Flags |
|---|---|---|---|---|---|---|
| r-devel-linux-x86_64-debian-clang | 2.9.7 | 46.06 | 184.99 | 231.05 | NOTE | |
| r-devel-linux-x86_64-debian-gcc | 2.9.7 | 26.04 | 124.45 | 150.49 | NOTE | |
| r-devel-linux-x86_64-fedora-clang | 2.9.7 | 102.00 | 266.99 | 368.99 | OK | |
| r-devel-linux-x86_64-fedora-gcc | 2.9.7 | 185.00 | 212.44 | 397.44 | OK | |
| r-devel-windows-x86_64 | 2.9.7 | 41.00 | 225.00 | 266.00 | NOTE | |
| r-patched-linux-x86_64 | 2.9.7 | 47.13 | 178.07 | 225.20 | OK | |
| r-release-linux-x86_64 | 2.9.7 | 39.90 | 176.55 | 216.45 | OK | |
| r-release-macos-arm64 | 2.9.7 | 18.00 | 87.00 | 105.00 | OK | |
| r-release-macos-x86_64 | 2.9.7 | 40.00 | 182.00 | 222.00 | OK | |
| r-release-windows-x86_64 | 2.9.7 | 39.00 | 220.00 | 259.00 | OK | |
| r-oldrel-macos-arm64 | 2.9.7 | 15.00 | 79.00 | 94.00 | OK | |
| r-oldrel-macos-x86_64 | 2.9.7 | 35.00 | 151.00 | 186.00 | OK | |
| r-oldrel-windows-x86_64 | 2.9.7 | 59.00 | 271.00 | 330.00 | OK |
Version: 2.9.7
Check: Rd files
Result: NOTE
checkRd: (-1) 0distrMod-package.Rd:14-26: Only 2 columns allowed in this table (row 7 has 1)
Flavors: r-devel-linux-x86_64-debian-clang, r-devel-linux-x86_64-debian-gcc, r-devel-windows-x86_64