Last updated on 2025-10-31 09:50:15 CET.
| Flavor | Version | Tinstall | Tcheck | Ttotal | Status | Flags | 
|---|---|---|---|---|---|---|
| r-devel-linux-x86_64-debian-clang | 1.0.0 | 10.77 | 102.45 | 113.22 | NOTE | |
| r-devel-linux-x86_64-debian-gcc | 1.0.0 | 7.36 | 74.77 | 82.13 | NOTE | |
| r-devel-linux-x86_64-fedora-clang | 1.0.0 | 21.00 | 153.70 | 174.70 | OK | |
| r-devel-linux-x86_64-fedora-gcc | 1.0.0 | 21.00 | 157.55 | 178.55 | OK | |
| r-devel-windows-x86_64 | 1.0.0 | 12.00 | 102.00 | 114.00 | OK | |
| r-patched-linux-x86_64 | 1.0.0 | 11.38 | 96.22 | 107.60 | OK | |
| r-release-linux-x86_64 | 1.0.0 | 8.96 | 96.92 | 105.88 | OK | |
| r-release-macos-arm64 | 1.0.0 | 5.00 | 47.00 | 52.00 | OK | |
| r-release-macos-x86_64 | 1.0.0 | 10.00 | 95.00 | 105.00 | OK | |
| r-release-windows-x86_64 | 1.0.0 | 12.00 | 102.00 | 114.00 | OK | |
| r-oldrel-macos-arm64 | 1.0.0 | 5.00 | 51.00 | 56.00 | OK | |
| r-oldrel-macos-x86_64 | 1.0.0 | 7.00 | 67.00 | 74.00 | OK | |
| r-oldrel-windows-x86_64 | 1.0.0 | 17.00 | 137.00 | 154.00 | OK | 
Version: 1.0.0
Check: CRAN incoming feasibility
Result: NOTE
  Maintainer: ‘Michael Nelson <michael.nelson.r.pkg@gmail.com>’
  
  No Authors@R field in DESCRIPTION.
  Please add one, modifying
    Authors@R: person(given = "Michael",
                      family = "Nelson",
                      role = c("aut", "cre"),
                      email = "michael.nelson.r.pkg@gmail.com")
  as necessary.
Flavors: r-devel-linux-x86_64-debian-clang, r-devel-linux-x86_64-debian-gcc