Last updated on 2025-10-31 09:50:16 CET.
| Flavor | Version | Tinstall | Tcheck | Ttotal | Status | Flags | 
|---|---|---|---|---|---|---|
| r-devel-linux-x86_64-debian-clang | 0.0.1.1 | 1.43 | 23.76 | 25.19 | OK | |
| r-devel-linux-x86_64-debian-gcc | 0.0.1.1 | 1.70 | 19.65 | 21.35 | OK | |
| r-devel-linux-x86_64-fedora-clang | 0.0.1.1 | 38.37 | NOTE | |||
| r-devel-linux-x86_64-fedora-gcc | 0.0.1.1 | 36.46 | NOTE | |||
| r-devel-windows-x86_64 | 0.0.1.1 | 3.00 | 42.00 | 45.00 | OK | |
| r-patched-linux-x86_64 | 0.0.1.1 | 2.18 | 22.72 | 24.90 | OK | |
| r-release-linux-x86_64 | 0.0.1.1 | 2.15 | 22.46 | 24.61 | OK | |
| r-release-macos-arm64 | 0.0.1.1 | 2.00 | 17.00 | 19.00 | OK | |
| r-release-macos-x86_64 | 0.0.1.1 | 2.00 | 24.00 | 26.00 | OK | |
| r-release-windows-x86_64 | 0.0.1.1 | 3.00 | 45.00 | 48.00 | OK | |
| r-oldrel-macos-arm64 | 0.0.1.1 | 1.00 | 15.00 | 16.00 | NOTE | |
| r-oldrel-macos-x86_64 | 0.0.1.1 | 2.00 | 29.00 | 31.00 | NOTE | |
| r-oldrel-windows-x86_64 | 0.0.1.1 | 4.00 | 48.00 | 52.00 | NOTE | 
Version: 0.0.1.1
Check: dependencies in R code
Result: NOTE
  Namespaces in Imports field not imported from:
    ‘cubature’ ‘rootSolve’
    All declared Imports should be used.
Flavors: r-devel-linux-x86_64-fedora-clang, r-devel-linux-x86_64-fedora-gcc
Version: 0.0.1.1
Check: LazyData
Result: NOTE
    'LazyData' is specified without a 'data' directory
Flavors: r-oldrel-macos-arm64, r-oldrel-macos-x86_64, r-oldrel-windows-x86_64