Last updated on 2025-11-21 09:49:03 CET.
| Flavor | Version | Tinstall | Tcheck | Ttotal | Status | Flags |
|---|---|---|---|---|---|---|
| r-devel-linux-x86_64-debian-clang | 1.0.6 | 2.49 | 29.32 | 31.81 | OK | |
| r-devel-linux-x86_64-debian-gcc | 1.0.6 | 1.81 | 23.06 | 24.87 | OK | |
| r-devel-linux-x86_64-fedora-clang | 1.0.6 | 47.86 | NOTE | |||
| r-devel-linux-x86_64-fedora-gcc | 1.0.6 | 45.18 | NOTE | |||
| r-devel-windows-x86_64 | 1.0.6 | 5.00 | 46.00 | 51.00 | OK | |
| r-patched-linux-x86_64 | 1.0.6 | 2.04 | 28.17 | 30.21 | OK | |
| r-release-linux-x86_64 | 1.0.6 | 2.35 | 28.31 | 30.66 | OK | |
| r-release-macos-arm64 | 1.0.6 | OK | ||||
| r-release-macos-x86_64 | 1.0.6 | 2.00 | 28.00 | 30.00 | OK | |
| r-release-windows-x86_64 | 1.0.6 | 4.00 | 45.00 | 49.00 | OK | |
| r-oldrel-macos-arm64 | 1.0.6 | OK | ||||
| r-oldrel-macos-x86_64 | 1.0.6 | 2.00 | 24.00 | 26.00 | OK | |
| r-oldrel-windows-x86_64 | 1.0.6 | 5.00 | 53.00 | 58.00 | OK |
Version: 1.0.6
Check: dependencies in R code
Result: NOTE
Namespace in Imports field not imported from: ‘R6’
All declared Imports should be used.
Flavors: r-devel-linux-x86_64-fedora-clang, r-devel-linux-x86_64-fedora-gcc